000
CDUS44 KFWD 190702
CLIDFW


CLIMATE REPORT
NATIONAL WEATHER SERVICE FORT WORTH TX
159 AM CDT SUN APR 19 2015

...THE DALLAS FORT WORTH CLIMATE SUMMARY FOR APRIL 18 2015...

CLIMATE NORMAL PERIOD 1981 TO 2010
CLIMATE RECORD PERIOD 1898 TO 2015


WEATHER ITEM   OBSERVED TIME   RECORD YEAR NORMAL DEPARTURE LAST
                VALUE   (LST)  VALUE       VALUE  FROM      YEAR
                                                  NORMAL
..................................................................
TEMPERATURE (F)
 YESTERDAY
  MAXIMUM         81    238 PM 100    1925  77      4       76
  MINIMUM         58   1159 PM  36    1901  55      3       55
  AVERAGE         70                        66      4       66

PRECIPITATION (IN)
  YESTERDAY        0.48          1.32 1935   0.10   0.38     0.00
  MONTH TO DATE    3.08                      1.60   1.48     1.09
  SINCE MAR 1      5.61                      5.09   0.52     2.54
  SINCE JAN 1     12.19                      9.88   2.31     3.28

SNOWFALL (IN)
  YESTERDAY        0.0           0.0    MM   0.0    0.0      0.0
  MONTH TO DATE    0.0                       0.0    0.0      0.0
  SINCE MAR 1      3.5                       0.2    3.3      0.1
  SINCE JUL 1      5.8                       1.2    4.6      2.9
  SNOW DEPTH       0

DEGREE DAYS
 HEATING
  YESTERDAY        0                         2     -2        0
  MONTH TO DATE   29                        66    -37       94
  SINCE MAR 1    330                       327      3      415
  SINCE JUL 1   2366                      2259    107     2588

 COOLING
  YESTERDAY        5                         3      2        1
  MONTH TO DATE   68                        46     22       62
  SINCE MAR 1    102                        78     24       84
  SINCE JAN 1    102                        85     17       84
..................................................................


WIND (MPH)
  HIGHEST WIND SPEED    44   HIGHEST WIND DIRECTION     W (290)
  HIGHEST GUST SPEED    55   HIGHEST GUST DIRECTION     W (290)
  AVERAGE WIND SPEED     5.8


SKY COVER
  POSSIBLE SUNSHINE  MM
  AVERAGE SKY COVER 0.7


WEATHER CONDITIONS
 THE FOLLOWING WEATHER WAS RECORDED YESTERDAY.
  THUNDERSTORM
  HEAVY RAIN
  RAIN
  FOG


RELATIVE HUMIDITY (PERCENT)
 HIGHEST   100           200 AM
 LOWEST     54           300 PM
 AVERAGE    77

..........................................................


THE DALLAS FORT WORTH CLIMATE NORMALS FOR TODAY
                         NORMAL    RECORD    YEAR
 MAXIMUM TEMPERATURE (F)   77        93      1996
 MINIMUM TEMPERATURE (F)   56        36      1953


SUNRISE AND SUNSET
APRIL 19 2015.........SUNRISE   654 AM CDT   SUNSET   801 PM CDT
APRIL 20 2015.........SUNRISE   653 AM CDT   SUNSET   802 PM CDT


-  INDICATES NEGATIVE NUMBERS.
R  INDICATES RECORD WAS SET OR TIED.
MM INDICATES DATA IS MISSING.
T  INDICATES TRACE AMOUNT.




$$
