000
CDUS43 KDDC 271011
CLIDGC


CLIMATE REPORT
NATIONAL WEATHER SERVICE DODGE CITY KS
511 AM CDT MON APR 27 2015


...................................

...THE DODGE CITY KS CLIMATE SUMMARY FOR APRIL 26 2015...

CLIMATE NORMAL PERIOD 1981 TO 2010
CLIMATE RECORD PERIOD 1875 TO 2015


WEATHER ITEM   OBSERVED TIME   RECORD YEAR NORMAL DEPARTURE LAST
                VALUE   (LST)  VALUE       VALUE  FROM      YEAR
                                                  NORMAL
..................................................................
TEMPERATURE (F)
 YESTERDAY
  MAXIMUM         53   1242 AM  94    1989  71    -18       90
                                      1956
  MINIMUM         46   1159 PM  27    2006  44      2       56
  AVERAGE         50                        58     -8       73

PRECIPITATION (IN)
  YESTERDAY        0.01          1.69 1925   0.07  -0.06     0.00
  MONTH TO DATE    1.67                      1.54   0.13     0.72
  SINCE MAR 1      1.96                      3.13  -1.17     0.99
  SINCE JAN 1      3.26                      4.39  -1.13     1.83

SNOWFALL (IN)
  YESTERDAY        0.0           0.2  1973   0.0    0.0      0.0
  MONTH TO DATE    0.0                       1.1   -1.1      2.2
  SINCE MAR 1      T                         6.0   -6.0      6.6
  SINCE JUL 1     21.4                      21.1    0.3     31.1
  SNOW DEPTH       0

DEGREE DAYS
 HEATING
  YESTERDAY       15                         9      6        0
  MONTH TO DATE  215                       321   -106      290
  SINCE MAR 1    719                       961   -242     1042
  SINCE JUL 1   4467                      4808   -341     5199

 COOLING
  YESTERDAY        0                         1     -1        8
  MONTH TO DATE   15                        11      4       23
  SINCE MAR 1     15                        12      3       23
  SINCE JAN 1     15                        12      3       23
..............................................................
  HAZE


RELATIVE HUMIDITY (PERCENT)
 HIGHEST   100           600 AM
 LOWEST     83           300 PM
 AVERAGE    92

..........................................................


THE DODGE CITY KS CLIMATE NORMALS FOR TODAY
                         NORMAL    RECORD    YEAR
 MAXIMUM TEMPERATURE (F)   71        92      1981
 MINIMUM TEMPERATURE (F)   45        28      1994


SUNRISE AND SUNSET
APRIL 27 2015.........SUNRISE   649 AM C....


WIND (MPH)
  HIGHEST WIND SPEED    24   HIGHEST WIND DIRECTION    NE (60)
  HIGHEST GUST SPEED    29   HIGHEST GUST DIRECTION    NE (60)
  AVERAGE WIND SPEED    17.1


SKY COVER
  POSSIBLE SUNSHINE  MM
  AVERAGE SKY COVER 1.0


WEATHER CONDITIONS
 THE FOLLOWING WEATHER WAS RECORDED YESTERDAY.
  LIGHT RAIN
  FOG
  FOG W/VISIBILITY <= 1/4 MILE                                       DT   SUNSET   826 PM CDT
APRIL 28 2015.........SUNRISE   648 AM CDT   SUNSET   827 PM CDT


-  INDICATES NEGATIVE NUMBERS.
R  INDICATES RECORD WAS SET OR TIED.
MM INDICATES DATA IS MISSING.
T  INDICATES TRACE AMOUNT.




$$
