000
CDUS44 KTAE 260632
CLIDHN


CLIMATE REPORT
NATIONAL WEATHER SERVICE TALLAHASSEE FL
231 AM EDT SUN APR 26 2015


...................................

...THE DOTHAN CLIMATE SUMMARY FOR APRIL 25 2015...

CLIMATE NORMAL PERIOD 1981 TO 2010
CLIMATE RECORD PERIOD 1965 TO 2015


WEATHER ITEM   OBSERVED TIME   NORMAL DEPARTURE LAST
                VALUE   (LST)  VALUE  FROM      YEAR
                                      NORMAL
......................................................
TEMPERATURE (F)
 YESTERDAY
  MAXIMUM         84    138 PM  81      3       85
  MINIMUM         63   1225 AM  56      7       65
  AVERAGE         74            68      6       75

PRECIPITATION (IN)
  YESTERDAY        0.75          0.09   0.66      T
  MONTH TO DATE    7.40          3.14   4.26     8.42
  SINCE MAR 1     11.71          9.02   2.69    13.72
  SINCE JAN 1     18.38         18.42  -0.04    21.45

SNOWFALL (IN)
  YESTERDAY        0.0

DEGREE DAYS
 HEATING
  YESTERDAY        0             1     -1        0
  MONTH TO DATE    5            65    -60       72
  SINCE MAR 1    133           276   -143      338
  SINCE JUL 1   1820          1835    -15     2003

 COOLING
  YESTERDAY        9             4      5       10
  MONTH TO DATE  147            64     83       59
  SINCE MAR 1    226            85    141       61
  SINCE JAN 1    230            95    135       70
......................................................


WIND (MPH)
  HIGHEST WIND SPEED    40   HIGHEST WIND DIRECTION     W (260)
  HIGHEST GUST SPEED    59   HIGHEST GUST DIRECTION     W (270)
  AVERAGE WIND SPEED     9.9








-  INDICATES NEGATIVE NUMBERS.
R  INDICATES RECORD WAS SET OR TIED.
MM INDICATES DATA IS MISSING.
T  INDICATES TRACE AMOUNT.




$$
