000
CDUS44 KAMA 050627
CLIDHT


CLIMATE REPORT
NATIONAL WEATHER SERVICE AMARILLO TX
127 AM CDT TUE MAY 5 2015


...................................

...THE DALHART CLIMATE SUMMARY FOR MAY 4 2015...

CLIMATE NORMAL PERIOD 1981 TO 2010
CLIMATE RECORD PERIOD 1894 TO 2015


WEATHER ITEM   OBSERVED TIME   RECORD YEAR NORMAL DEPARTURE LAST
                VALUE   (LST)  VALUE       VALUE  FROM      YEAR
                                                  NORMAL
..................................................................
TEMPERATURE (F)
 YESTERDAY
  MAXIMUM         77   1213 PM  96    2014  75      2       96
                                      2012
  MINIMUM         55    704 AM  27    1979  44     11       49
  AVERAGE         66                        60      6       73

PRECIPITATION (IN)
  YESTERDAY        0.12          1.54 2001   0.06   0.06     0.00
  MONTH TO DATE    0.12                      0.22  -0.10     0.01
  SINCE MAR 1      1.50                      2.47  -0.97     0.21
  SINCE JAN 1      4.81                      3.39   1.42     0.30

SNOWFALL (IN)
  YESTERDAY        0.0           0.0    MM   0.1   -0.1      0.0
  MONTH TO DATE    0.0                       0.1   -0.1      0.0
  SINCE MAR 1      0.8                       5.5   -4.7      2.1
  SINCE JUL 1     34.1                      19.0   15.1     17.4
  SNOW DEPTH       0

DEGREE DAYS
 HEATING
  YESTERDAY        0                         6     -6        0
  MONTH TO DATE    0                        27    -27       27
  SINCE MAR 1    734                       986   -252      934
  SINCE JUL 1   4027                      4629   -602     4528

 COOLING
  YESTERDAY        1                         1      0        8
  MONTH TO DATE   10                         4      6        9
  SINCE MAR 1     11                        10      1       25
  SINCE JAN 1     11                        10      1       25
..................................................................


WIND (MPH)
  RESULTANT WIND SPEED   4   RESULTANT WIND DIRECTION   S (180)
  HIGHEST WIND SPEED    26   HIGHEST WIND DIRECTION    SE (120)
  HIGHEST GUST SPEED    32   HIGHEST GUST DIRECTION    SE (130)
  AVERAGE WIND SPEED    10.0


SKY COVER
  AVERAGE SKY COVER 0.2


WEATHER CONDITIONS
 THE FOLLOWING WEATHER WAS RECORDED YESTERDAY.
  THUNDERSTORM
  RAIN
  LIGHT RAIN
  FOG


RELATIVE HUMIDITY (PERCENT)
 HIGHEST    86           900 PM
 LOWEST     43          1200 PM
 AVERAGE    65

..........................................................


THE DALHART CLIMATE NORMALS FOR TODAY
                         NORMAL    RECORD    YEAR
 MAXIMUM TEMPERATURE (F)   75        96      2012
 MINIMUM TEMPERATURE (F)   45        35      2013
                                             1990


SUNRISE AND SUNSET
MAY  5 2015...........SUNRISE   654 AM CDT   SUNSET   841 PM CDT
MAY  6 2015...........SUNRISE   653 AM CDT   SUNSET   841 PM CDT


-  INDICATES NEGATIVE NUMBERS.
R  INDICATES RECORD WAS SET OR TIED.
MM INDICATES DATA IS MISSING.
T  INDICATES TRACE AMOUNT.




$$
