000
CDUS43 KDLH 060620
CLIDLH


CLIMATE REPORT
NATIONAL WEATHER SERVICE DULUTH MN
119 AM CDT WED MAY 6 2015


...................................

...THE DULUTH MN CLIMATE SUMMARY FOR MAY 5 2015...

CLIMATE NORMAL PERIOD 1981 TO 2010
CLIMATE RECORD PERIOD 1870 TO 2015


WEATHER ITEM   OBSERVED TIME   RECORD YEAR NORMAL DEPARTURE LAST
                VALUE   (LST)  VALUE       VALUE  FROM      YEAR
                                                  NORMAL
..................................................................
TEMPERATURE (F)
 YESTERDAY
  MAXIMUM         71    221 PM  87    1918  59     12       47
  MINIMUM         34    318 AM  19    1989  38     -4       36
  AVERAGE         53                        48      5       42

PRECIPITATION (IN)
  YESTERDAY        0.00          2.25 1950   0.10  -0.10     0.09
  MONTH TO DATE    0.01                      0.50  -0.49     0.19
  SINCE MAR 1      1.83                      4.42  -2.59     5.40
  SINCE JAN 1      2.67                      6.19  -3.52     8.25

SNOWFALL (IN)
  YESTERDAY        0.0           1.5  1991   0.1   -0.1      0.0
  MONTH TO DATE    0.0                       0.2   -0.2      0.0
  SINCE MAR 1      9.3                      20.3  -11.0     47.2
  SINCE JUL 1     49.2                      85.9  -36.7    131.0
  SNOW DEPTH       0

DEGREE DAYS
 HEATING
  YESTERDAY       12                        17     -5       23
  MONTH TO DATE   40                        88    -48      113
  SINCE MAR 1   1774                      2060   -286     2438
  SINCE JUL 1   8613                      8927   -314     9879

 COOLING
  YESTERDAY        0                         0      0        0
  MONTH TO DATE    0                         0      0        0
  SINCE MAR 1      0                         0      0        0
  SINCE JAN 1      0                         0      0        0
..................................................................


WIND (MPH)
  HIGHEST WIND SPEED    17   HIGHEST WIND DIRECTION    SE (120)
  HIGHEST GUST SPEED    22   HIGHEST GUST DIRECTION    SE (120)
  AVERAGE WIND SPEED     8.7


SKY COVER
  AVERAGE SKY COVER 0.0


WEATHER CONDITIONS
 THE FOLLOWING WEATHER WAS RECORDED YESTERDAY.
  NO SIGNIFICANT WEATHER WAS OBSERVED.


RELATIVE HUMIDITY (PERCENT)
 HIGHEST    70           200 AM
 LOWEST     21          1200 PM
 AVERAGE    46

..........................................................


THE DULUTH MN CLIMATE NORMALS FOR TODAY
                         NORMAL    RECORD    YEAR
 MAXIMUM TEMPERATURE (F)   59        82      2000
                                             1934
 MINIMUM TEMPERATURE (F)   38        20      1989


SUNRISE AND SUNSET
MAY  6 2015...........SUNRISE   546 AM CDT   SUNSET   825 PM CDT
MAY  7 2015...........SUNRISE   545 AM CDT   SUNSET   827 PM CDT


-  INDICATES NEGATIVE NUMBERS.
R  INDICATES RECORD WAS SET OR TIED.
MM INDICATES DATA IS MISSING.
T  INDICATES TRACE AMOUNT.




$$
