000
CDUS43 KEAX 032126
CLIDMO


CLIMATE REPORT
NATIONAL WEATHER SERVICE KANSAS CITY/PLEASANT HILL MO
425 PM CDT SUN MAY 3 2015


...................................

...THE SEDALIA MO CLIMATE SUMMARY FOR MAY 3 2015...
VALID AS OF 0400 PM LOCAL TIME.

CLIMATE NORMAL PERIOD 1981 TO 2010
CLIMATE RECORD PERIOD 9999 TO 9999


WEATHER ITEM   OBSERVED TIME   NORMAL DEPARTURE LAST
                VALUE   (LST)  VALUE  FROM      YEAR
                                      NORMAL
......................................................
TEMPERATURE (F)
 TODAY
  MAXIMUM         83   1243 PM  72     11       77
  MINIMUM         58   1251 AM  52      6       50
  AVERAGE         71            62      9       64

PRECIPITATION (IN)
  TODAY            0.00          0.17  -0.17     0.00
  MONTH TO DATE    0.00          0.50  -0.50     0.00
  SINCE MAR 1      4.95          7.36  -2.41     7.77
  SINCE JAN 1      7.03         10.96  -3.93     8.71

DEGREE DAYS
 HEATING
  TODAY            0             5     -5        1
  MONTH TO DATE    9            15     -6       26
  SINCE MAR 1    736           880   -144     1007
  SINCE JUL 1   4584          4497     87     5226

 COOLING
  TODAY            6             1      5        0
  MONTH TO DATE    6             3      3        0
  SINCE MAR 1     23            37    -14       14
  SINCE JAN 1     23            37    -14       14
......................................................


WIND (MPH)
  HIGHEST WIND SPEED    25   HIGHEST WIND DIRECTION    SW (210)
  HIGHEST GUST SPEED    33   HIGHEST GUST DIRECTION     S (200)
  AVERAGE WIND SPEED    14.5


SKY COVER
  AVERAGE SKY COVER 0.1


WEATHER CONDITIONS
 THE FOLLOWING WEATHER WAS RECORDED TODAY.
  NO SIGNIFICANT WEATHER WAS OBSERVED.


RELATIVE HUMIDITY (PERCENT)
 HIGHEST    77          1200 AM
 LOWEST     39          1200 PM
 AVERAGE    58

..........................................................


THE SEDALIA MO CLIMATE NORMALS FOR TOMORROW
                         NORMAL
 MAXIMUM TEMPERATURE (F)   72
 MINIMUM TEMPERATURE (F)   52


SUNRISE AND SUNSET
MAY  3 2015...........SUNRISE   613 AM CDT   SUNSET   806 PM CDT
MAY  4 2015...........SUNRISE   612 AM CDT   SUNSET   807 PM CDT


-  INDICATES NEGATIVE NUMBERS.
R  INDICATES RECORD WAS SET OR TIED.
MM INDICATES DATA IS MISSING.
T  INDICATES TRACE AMOUNT.




$$
