000
CDUS42 KCAE 032129
CLIDNL


CLIMATE REPORT
NATIONAL WEATHER SERVICE COLUMBIA SC
527 PM EDT SUN MAY 3 2015


...................................

...THE AUGUSTA DANIEL FIELD GA CLIMATE SUMMARY FOR MAY 3 2015...
VALID TODAY AS OF 0500 PM LOCAL TIME.

CLIMATE NORMAL PERIOD 1981 TO 2010
CLIMATE RECORD PERIOD 9999 TO 9999


WEATHER ITEM   OBSERVED TIME   NORMAL DEPARTURE LAST
                VALUE   (LST)  VALUE  FROM      YEAR
                                      NORMAL
......................................................
TEMPERATURE (F)
 TODAY
  MAXIMUM         82    400 PM  80      2       78
  MINIMUM         56    608 AM  58     -2       58
  AVERAGE         69            69      0

PRECIPITATION (IN)
  TODAY            0.00          0.06  -0.06     0.00
  MONTH TO DATE    0.00          0.17  -0.17     0.02
  SINCE MAR 1      6.06          7.43  -1.37     6.94
  SINCE JAN 1     10.99         15.67  -4.68    13.23

DEGREE DAYS
 HEATING
  TODAY            0             1     -1        0
  MONTH TO DATE    2             3     -1        0
  SINCE MAR 1    181           349   -168      386
  SINCE JUL 1   2036          2162   -126     2222

 COOLING
  TODAY            4             5     -1        3
  MONTH TO DATE    5            15    -10        4
  SINCE MAR 1    196           112     84      138
  SINCE JAN 1    196           116     80      146
......................................................


WIND (MPH)
  HIGHEST WIND SPEED    12   HIGHEST WIND DIRECTION     S (190)
  HIGHEST GUST SPEED    15   HIGHEST GUST DIRECTION    SE (150)
  AVERAGE WIND SPEED     3.3


SKY COVER
  AVERAGE SKY COVER 0.1


WEATHER CONDITIONS
 THE FOLLOWING WEATHER WAS RECORDED TODAY.
  FOG
  HAZE


RELATIVE HUMIDITY (PERCENT)
 HIGHEST    86           400 AM
 LOWEST     30           100 PM

..........................................................


THE AUGUSTA DANIEL FIELD GA CLIMATE NORMALS FOR TOMORROW
                         NORMAL
 MAXIMUM TEMPERATURE (F)   80
 MINIMUM TEMPERATURE (F)   58


SUNRISE AND SUNSET
MAY  3 2015...........SUNRISE   638 AM EDT   SUNSET   812 PM EDT
MAY  4 2015...........SUNRISE   637 AM EDT   SUNSET   813 PM EDT


-  INDICATES NEGATIVE NUMBERS.
R  INDICATES RECORD WAS SET OR TIED.
MM INDICATES DATA IS MISSING.
T  INDICATES TRACE AMOUNT.




$$
