000
CDUS44 KEWX 030738
CLIDRT


CLIMATE REPORT
NATIONAL WEATHER SERVICE AUSTIN/SAN ANTONIO, TX
238 AM CDT SUN MAY 3 2015


...................................

...THE DEL RIO CLIMATE SUMMARY FOR MAY 2 2015...

CLIMATE NORMAL PERIOD 1981 TO 2010
CLIMATE RECORD PERIOD 1906 TO 2015


WEATHER ITEM   OBSERVED TIME   RECORD YEAR NORMAL DEPARTURE LAST
                VALUE   (LST)  VALUE       VALUE  FROM      YEAR
                                                  NORMAL
..................................................................
TEMPERATURE (F)
 YESTERDAY
  MAXIMUM         85    521 PM 105    2002  87     -2       82
  MINIMUM         56    604 AM  49    2011  64     -8       60
                                      2004
                                      1976
  AVERAGE         71                        76     -5       71

PRECIPITATION (IN)
  YESTERDAY        0.00          2.35 1931   0.07  -0.07     0.00
  MONTH TO DATE    0.00                      0.14  -0.14     0.00
  SINCE MAR 1      3.92                      2.93   0.99     0.40
  SINCE JAN 1      4.91                      4.53   0.38     0.62

SNOWFALL (IN)
  YESTERDAY        0.0
  MONTH TO DATE    0.0
  SINCE MAR 1      0.0
  SINCE JUL 1      0.0

DEGREE DAYS
 HEATING
  YESTERDAY        0                         0      0        0
  MONTH TO DATE    0                         0      0        0
  SINCE MAR 1    148                       139      9      148
  SINCE JUL 1   1475                      1375    100     1555

 COOLING
  YESTERDAY        6                        11     -5        6
  MONTH TO DATE   11                        22    -11        9
  SINCE MAR 1    302                       332    -30      384
  SINCE JAN 1    317                       351    -34      429
..................................................................


WIND (MPH)
  HIGHEST WIND SPEED    21   HIGHEST WIND DIRECTION    SE (140)
  HIGHEST GUST SPEED    28   HIGHEST GUST DIRECTION    NE (50)
  AVERAGE WIND SPEED    11.0


SKY COVER
  AVERAGE SKY COVER 0.0


WEATHER CONDITIONS
 THE FOLLOWING WEATHER WAS RECORDED YESTERDAY.
  NO SIGNIFICANT WEATHER WAS OBSERVED.


RELATIVE HUMIDITY (PERCENT)
 HIGHEST    77           500 AM
 LOWEST     27           400 PM
 AVERAGE    52

..........................................................


THE DEL RIO CLIMATE NORMALS FOR TODAY
                         NORMAL    RECORD    YEAR
 MAXIMUM TEMPERATURE (F)   87       101      1964
 MINIMUM TEMPERATURE (F)   65        45      1970


SUNRISE AND SUNSET
MAY  3 2015...........SUNRISE   700 AM CDT   SUNSET   821 PM CDT
MAY  4 2015...........SUNRISE   659 AM CDT   SUNSET   822 PM CDT


-  INDICATES NEGATIVE NUMBERS.
R  INDICATES RECORD WAS SET OR TIED.
MM INDICATES DATA IS MISSING.
T  INDICATES TRACE AMOUNT.




$$
