000
CDUS42 KAKQ 250535
CLIECG


CLIMATE REPORT
NATIONAL WEATHER SERVICE WAKEFIELD, VA
134 AM EDT SAT APR 25 2015


...................................

...THE ELIZABETH CITY NC CLIMATE SUMMARY FOR APRIL 24 2015...

CLIMATE NORMAL PERIOD 1981 TO 2010
CLIMATE RECORD PERIOD 1934 TO 2015


WEATHER ITEM   OBSERVED TIME   RECORD YEAR NORMAL DEPARTURE LAST
                VALUE   (LST)  VALUE       VALUE  FROM      YEAR
                                                  NORMAL
..................................................................
TEMPERATURE (F)
 YESTERDAY
  MAXIMUM         65    348 PM  92    1960  72     -7       69
  MINIMUM         44    549 AM  38    1942  50     -6       42
  AVERAGE         55                        61     -6       56

PRECIPITATION (IN)
  YESTERDAY        0.00          1.09 1983   0.11  -0.11     0.00
  MONTH TO DATE    3.58                      2.57   1.01     2.43
  SINCE MAR 1      6.55                      6.55   0.00     4.84
  SINCE JAN 1     13.35                     12.99   0.36     8.98

SNOWFALL (IN)
  YESTERDAY        0.0           0.0  2002  MM     MM
  MONTH TO DATE    0.0                      MM     MM
  SINCE NOV 1      T                        MM     MM
  SINCE JUL 1      T                        MM     MM
  SNOW DEPTH       0

DEGREE DAYS
 HEATING
  YESTERDAY       10                         6      4        9
  MONTH TO DATE  133                       194    -61      166
  SINCE MAR 1    615                       659    -44      714
  SINCE JUL 1   3149                      3131     18     3289

 COOLING
  YESTERDAY        0                         2     -2        0
  MONTH TO DATE   28                        25      3       22
  SINCE MAR 1     33                        30      3       22
  SINCE JAN 1     35                        32      3       22
..................................................................


WIND (MPH)
  HIGHEST WIND SPEED    22   HIGHEST WIND DIRECTION    NW (330)
  HIGHEST GUST SPEED    29   HIGHEST GUST DIRECTION    NW (300)
  AVERAGE WIND SPEED    10.5


SKY COVER
  POSSIBLE SUNSHINE  MM
  AVERAGE SKY COVER 0.0


WEATHER CONDITIONS
 THE FOLLOWING WEATHER WAS RECORDED YESTERDAY.
  NO SIGNIFICANT WEATHER WAS OBSERVED.


RELATIVE HUMIDITY (PERCENT)
 HIGHEST    86           200 AM
 LOWEST     24           300 PM
 AVERAGE    55

..........................................................


THE ELIZABETH CITY NC CLIMATE NORMALS FOR TODAY
                         NORMAL    RECORD    YEAR
 MAXIMUM TEMPERATURE (F)   72        92      1960
 MINIMUM TEMPERATURE (F)   50        35      1999


SUNRISE AND SUNSET
APRIL 25 2015.........SUNRISE   619 AM EDT   SUNSET   747 PM EDT
APRIL 26 2015.........SUNRISE   618 AM EDT   SUNSET   748 PM EDT


-  INDICATES NEGATIVE NUMBERS.
R  INDICATES RECORD WAS SET OR TIED.
MM INDICATES DATA IS MISSING.
T  INDICATES TRACE AMOUNT.




$$
