000
CDUS44 KBMX 050902
CLIEET


CLIMATE REPORT
NATIONAL WEATHER SERVICE BIRMINGHAM, AL
400 AM CDT TUE MAY 5 2015


...................................

...THE SHELBY COUNTY AIRPORT CLIMATE SUMMARY FOR MAY 4 2015...

CLIMATE NORMAL PERIOD 1981 TO 2010
CLIMATE RECORD PERIOD 9999 TO 9999


WEATHER ITEM   OBSERVED TIME   RECORD YEAR NORMAL DEPARTURE LAST
                VALUE   (LST)  VALUE       VALUE  FROM      YEAR
                                                  NORMAL
..................................................................
TEMPERATURE (F)
 YESTERDAY
  MAXIMUM         82        MM  MM      MM  79      3       85
  MINIMUM         MM        MM  MM      MM  56     MM       53
  AVERAGE         MM                        67     MM       69

PRECIPITATION (IN)
  YESTERDAY        0.00                      0.15  -0.15     0.00
  MONTH TO DATE    0.00                      0.57  -0.57     0.00
  SINCE MAR 1     10.60                      8.94   1.66    15.97
  SINCE JAN 1     19.97                     20.02  -0.05    24.50

DEGREE DAYS
 COOLING
  YESTERDAY       MM                         4     MM        4
  MONTH TO DATE    1                        15    -14        4
  SINCE MAR 1    110                        86     24       62
  SINCE JAN 1    110                        90     20       66
..................................................................


WIND (MPH)
  HIGHEST WIND SPEED    10   HIGHEST WIND DIRECTION    SE (150)
  HIGHEST GUST SPEED    MM   HIGHEST GUST DIRECTION    MM
  AVERAGE WIND SPEED     1.9


SKY COVER
  POSSIBLE SUNSHINE  MM
  AVERAGE SKY COVER 0.2


WEATHER CONDITIONS
 THE FOLLOWING WEATHER WAS RECORDED YESTERDAY.
  NO SIGNIFICANT WEATHER WAS OBSERVED.


RELATIVE HUMIDITY (PERCENT)
 HIGHEST    93          1000 PM
 LOWEST     36           400 PM
 AVERAGE    65

..........................................................


THE SHELBY COUNTY AIRPORT CLIMATE NORMALS FOR TODAY
                         NORMAL    RECORD    YEAR
 MAXIMUM TEMPERATURE (F)   79        MM        MM
 MINIMUM TEMPERATURE (F)   57        MM        MM


SUNRISE AND SUNSET
MAY  5 2015...........SUNRISE   556 AM CDT   SUNSET   732 PM CDT
MAY  6 2015...........SUNRISE   555 AM CDT   SUNSET   733 PM CDT


-  INDICATES NEGATIVE NUMBERS.
R  INDICATES RECORD WAS SET OR TIED.
MM INDICATES DATA IS MISSING.
T  INDICATES TRACE AMOUNT.




$$
