000
CDUS46 KEKA 181218
CLIEKA


CLIMATE REPORT
NATIONAL WEATHER SERVICE EUREKA CA
518 AM PDT SAT APR 18 2015


...................................

...THE EUREKA CA CLIMATE SUMMARY FOR APRIL 17 2015...

CLIMATE NORMAL PERIOD 1981 TO 2010
CLIMATE RECORD PERIOD 1886 TO 2015


WEATHER ITEM   OBSERVED RECORD YEAR NORMAL DEPARTURE LAST
                VALUE   VALUE       VALUE  FROM      YEAR
                                           NORMAL
...........................................................
TEMPERATURE (F)
 YESTERDAY
  MAXIMUM         57     67    1983  58     -1       58
  MINIMUM         46     34    1922  44      2       48
  AVERAGE         52                 51      1       53

PRECIPITATION (IN)
  YESTERDAY        0.00   0.99 1957   0.11  -0.11     0.07
  MONTH TO DATE    2.50               2.10   0.40     0.33
  SINCE OCT 1     30.49              35.50  -5.01    15.92
  SINCE JAN 1     12.11              19.53  -7.42    14.02

SNOWFALL (IN)
  YESTERDAY        0.0    0.0  2002   0.0    0.0      0.0
                               2001
  MONTH TO DATE    T                  0.0    0.0      0.0
  SINCE MAR 1      T                  0.0    0.0      0.0
  SINCE JUL 1      T                  0.2   -0.2       T
  SNOW DEPTH       0

DEGREE DAYS
 HEATING
  YESTERDAY       13                 14     -1       12
  MONTH TO DATE  263                249     14      225
  SINCE MAR 1    658                725    -67      635
  SINCE JUL 1   2813               3647   -834     3726

 COOLING
  YESTERDAY        0                  0      0        0
  MONTH TO DATE    0                  0      0        0
  SINCE MAR 1      0                  0      0        0
  SINCE JAN 1      0                  0      0        0
...........................................................


WIND (MPH)
  HIGHEST WIND SPEED     9   HIGHEST WIND DIRECTION     N (360)
  HIGHEST GUST SPEED    16   HIGHEST GUST DIRECTION     N (360)
  AVERAGE WIND SPEED     3.0


SKY COVER
  AVERAGE SKY COVER 0.9


WEATHER CONDITIONS
 THE FOLLOWING WEATHER WAS RECORDED YESTERDAY.
  FOG
  HAZE


..........................................................


THE EUREKA CA CLIMATE NORMALS FOR TODAY
                         NORMAL    RECORD    YEAR
 MAXIMUM TEMPERATURE (F)   58        73      1918
 MINIMUM TEMPERATURE (F)   44        35      1967


SUNRISE AND SUNSET
APRIL 18 2015.........SUNRISE   633 AM PDT   SUNSET   759 PM PDT
APRIL 19 2015.........SUNRISE   632 AM PDT   SUNSET   800 PM PDT


-  INDICATES NEGATIVE NUMBERS.
R  INDICATES RECORD WAS SET OR TIED.
MM INDICATES DATA IS MISSING.
T  INDICATES TRACE AMOUNT.




&&

..........................................................

TOTAL SEASON     NORMAL   % OF NORMAL     LAST SEASON

    30.49         35.50        86            15.92


$$
