000
CDUS41 KRLX 250727
CLIEKN


CLIMATE REPORT
NATIONAL WEATHER SERVICE CHARLESTON WV
322 AM EDT SAT APR 25 2015


...................................

...THE ELKINS WV CLIMATE SUMMARY FOR APRIL 24 2015...

CLIMATE NORMAL PERIOD 1981 TO 2010
CLIMATE RECORD PERIOD 1899 TO 2015


WEATHER ITEM   OBSERVED TIME   RECORD YEAR NORMAL DEPARTURE LAST
                VALUE   (LST)  VALUE       VALUE  FROM      YEAR
                                                  NORMAL
..................................................................
TEMPERATURE (F)
 YESTERDAY
  MAXIMUM         54    502 PM  90    1925  66    -12       65
  MINIMUM         29    603 AM  18    1986  39    -10       26
  AVERAGE         42                        52    -10       46

PRECIPITATION (IN)
  YESTERDAY        0.00          0.90 1983   0.13  -0.13     0.00
  MONTH TO DATE    6.32                      3.02   3.30     0.72
  SINCE JAN 1     19.41                     13.31   6.10    10.17

SNOWFALL (IN)
  YESTERDAY        0.0
  MONTH TO DATE    0.0
  SINCE SEP 1     70.3
  SNOW DEPTH       0

DEGREE DAYS
 HEATING
  YESTERDAY       23                        13     10       19
  MONTH TO DATE  290                       391   -101      328
  SINCE MAR 1   1091                      1171    -80     1225
  SINCE JUL 1   5722                      5492    230     5748

 COOLING
  YESTERDAY        0                         0      0        0
  MONTH TO DATE    3                         0      3        2
  SINCE MAR 1      3                         0      3        2
  SINCE JAN 1      3                         0      3        2
..................................................................


WIND (MPH)
  HIGHEST WIND SPEED    20   HIGHEST WIND DIRECTION     W (290)
  HIGHEST GUST SPEED    31   HIGHEST GUST DIRECTION    NW (330)
  AVERAGE WIND SPEED     6.4


SKY COVER
  POSSIBLE SUNSHINE  MM
  AVERAGE SKY COVER 0.1


WEATHER CONDITIONS
 THE FOLLOWING WEATHER WAS RECORDED YESTERDAY.
  NO SIGNIFICANT WEATHER WAS OBSERVED.


RELATIVE HUMIDITY (PERCENT)
 HIGHEST    78           500 AM
 LOWEST     24           300 PM
 AVERAGE    51

..........................................................


THE ELKINS WV CLIMATE NORMALS FOR TODAY
                         NORMAL    RECORD    YEAR
 MAXIMUM TEMPERATURE (F)   66        88      1925
                                             1915
 MINIMUM TEMPERATURE (F)   39        22      1927


SUNRISE AND SUNSET
APRIL 25 2015.........SUNRISE   629 AM EDT   SUNSET   806 PM EDT
APRIL 26 2015.........SUNRISE   628 AM EDT   SUNSET   807 PM EDT


-  INDICATES NEGATIVE NUMBERS.
R  INDICATES RECORD WAS SET OR TIED.
MM INDICATES DATA IS MISSING.
T  INDICATES TRACE AMOUNT.




$$
