000
CDUS44 KSHV 250753
CLIELD


CLIMATE REPORT
NATIONAL WEATHER SERVICE SHREVEPORT, LA
250 AM CDT SAT APR 25 2015


...................................

...THE EL DORADO CLIMATE SUMMARY FOR APRIL 24 2015...

CLIMATE NORMAL PERIOD 1981 TO 2010
CLIMATE RECORD PERIOD 1907 TO 2015


WEATHER ITEM   OBSERVED TIME   RECORD YEAR NORMAL DEPARTURE LAST
                VALUE   (LST)  VALUE       VALUE  FROM      YEAR
                                                  NORMAL
..................................................................
TEMPERATURE (F)
 YESTERDAY
  MAXIMUM         64    918 PM  90    1925  78    -14       78
  MINIMUM         56    449 AM  37    2005  54      2       53
  AVERAGE         60                        66     -6       66

PRECIPITATION (IN)
  YESTERDAY        0.83          3.01 1964   0.14   0.69     0.47
  MONTH TO DATE    3.31                      3.24   0.07     5.61
  SINCE DEC 1     19.24                     22.26  -3.02    20.74
  SINCE JAN 1     15.91                     17.08  -1.17    14.18

SNOWFALL (IN)
  YESTERDAY        0.0
  MONTH TO DATE    0.0
  SINCE MAR 1      0.7
  SINCE JUL 1      0.7
  SNOW DEPTH       0

DEGREE DAYS
 HEATING
  YESTERDAY        5                         2      3        0
  MONTH TO DATE   66                       106    -40      144
  SINCE MAR 1    413                       414     -1      586
  SINCE JUL 1   2899                      2642    257     3193

 COOLING
  YESTERDAY        0                         3     -3        1
  MONTH TO DATE   73                        51     22       34
  SINCE MAR 1     87                        73     14       39
  SINCE JAN 1     87                        79      8       39
..................................................................


WIND (MPH)
  HIGHEST WIND SPEED    29   HIGHEST WIND DIRECTION     W (290)
  HIGHEST GUST SPEED    41   HIGHEST GUST DIRECTION    NW (300)
  AVERAGE WIND SPEED     7.0


SKY COVER
  POSSIBLE SUNSHINE  MM
  AVERAGE SKY COVER 0.7


WEATHER CONDITIONS
 THE FOLLOWING WEATHER WAS RECORDED YESTERDAY.
  THUNDERSTORM
  HEAVY RAIN
  RAIN
  LIGHT RAIN
  FOG


RELATIVE HUMIDITY (PERCENT)
 HIGHEST   100           200 PM
 LOWEST     86          1200 AM
 AVERAGE    93

..........................................................


THE EL DORADO CLIMATE NORMALS FOR TODAY
                         NORMAL    RECORD    YEAR
 MAXIMUM TEMPERATURE (F)   78        90      1984
 MINIMUM TEMPERATURE (F)   54        33      1910


SUNRISE AND SUNSET
APRIL 25 2015.........SUNRISE   630 AM CDT   SUNSET   749 PM CDT
APRIL 26 2015.........SUNRISE   629 AM CDT   SUNSET   750 PM CDT


-  INDICATES NEGATIVE NUMBERS.
R  INDICATES RECORD WAS SET OR TIED.
MM INDICATES DATA IS MISSING.
T  INDICATES TRACE AMOUNT.




$$
