000
CDUS45 KLKN 040938
CLIELY


CLIMATE REPORT
NATIONAL WEATHER SERVICE ELKO NV
237 AM PDT MON MAY 4 2015


...................................

...THE ELY AIRPORT NV CLIMATE SUMMARY FOR MAY 3 2015...

CLIMATE NORMAL PERIOD 1981 TO 2010
CLIMATE RECORD PERIOD 1893 TO 2015


WEATHER ITEM   OBSERVED TIME   RECORD YEAR NORMAL DEPARTURE LAST
                VALUE   (LST)  VALUE       VALUE  FROM      YEAR
                                                  NORMAL
..................................................................
TEMPERATURE (F)
 YESTERDAY
  MAXIMUM         75    224 PM  82    1947  63     12       78
  MINIMUM         37    458 AM  17    1950  31      6       40
  AVERAGE         56                        47      9       59

PRECIPITATION (IN)
  YESTERDAY        T             0.60 1898   0.04  -0.04     0.00
  MONTH TO DATE    T                         0.11  -0.11     0.00
  SINCE OCT 1      2.72                      5.73  -3.01     5.89
  SINCE JAN 1      1.55                      3.44  -1.89     3.21

SNOWFALL (IN)
  YESTERDAY        0.0           2.5  1950   0.1   -0.1      0.0
  MONTH TO DATE    0.0                       0.4   -0.4      0.0
  SINCE MAR 1      8.7                      13.9   -5.2     11.0
  SINCE JUL 1     19.7                      48.8  -29.1     50.1
  SNOW DEPTH       0

DEGREE DAYS
 HEATING
  YESTERDAY        9                        18     -9        6
  MONTH TO DATE   24                        54    -30       34
  SINCE MAR 1   1379                      1620   -241     1497
  SINCE JUL 1   5623                      6957  -1334     6516

 COOLING
  YESTERDAY        0                         0      0        0
  MONTH TO DATE    0                         0      0        0
  SINCE MAR 1      0                         0      0        0
  SINCE JAN 1      0                         0      0        0
..................................................................


WIND (MPH)
  HIGHEST WIND SPEED    23   HIGHEST WIND DIRECTION    SW (210)
  HIGHEST GUST SPEED    31   HIGHEST GUST DIRECTION    SW (220)
  AVERAGE WIND SPEED    12.3



WEATHER CONDITIONS
 THE FOLLOWING WEATHER WAS RECORDED YESTERDAY.
  THUNDERSTORM
  LIGHT RAIN


RELATIVE HUMIDITY (PERCENT)
 HIGHEST    52           500 AM
 LOWEST     12           400 PM
 AVERAGE    32

..........................................................


THE ELY AIRPORT NV CLIMATE NORMALS FOR TODAY
                         NORMAL    RECORD    YEAR
 MAXIMUM TEMPERATURE (F)   64        82      2004
                                             2000
                                             1947
 MINIMUM TEMPERATURE (F)   31         7      1950


SUNRISE AND SUNSET
MAY  4 2015...........SUNRISE   537 AM PDT   SUNSET   735 PM PDT
MAY  5 2015...........SUNRISE   536 AM PDT   SUNSET   736 PM PDT


-  INDICATES NEGATIVE NUMBERS.
R  INDICATES RECORD WAS SET OR TIED.
MM INDICATES DATA IS MISSING.
T  INDICATES TRACE AMOUNT.




$$
