000
CDUS46 KPQR 261146
CLIEUG


CLIMATE REPORT
NATIONAL WEATHER SERVICE PORTLAND OREGON
446 AM PDT SUN APR 26 2015


...................................

...THE EUGENE OR CLIMATE SUMMARY FOR APRIL 25 2015...

CLIMATE NORMAL PERIOD 1981 TO 2010
CLIMATE RECORD PERIOD 1892 TO 2015


WEATHER ITEM   OBSERVED TIME   RECORD YEAR NORMAL DEPARTURE LAST
                VALUE   (LST)  VALUE       VALUE  FROM      YEAR
                                                  NORMAL
..................................................................
TEMPERATURE (F)
 YESTERDAY
  MAXIMUM         59   1050 AM  82    1927  63     -4       56
                                      1926
  MINIMUM         39   1159 PM  31    1985  40     -1       40
                                      1982
                                      1954
  AVERAGE         49                        52     -3       48

PRECIPITATION (IN)
  YESTERDAY        0.06          0.66 1970   0.09  -0.03     0.47
  MONTH TO DATE    1.47                      2.90  -1.43     2.07
  SINCE OCT 1     28.24                     38.99 -10.75    23.34
  SINCE JAN 1     11.19                     20.19  -9.00    19.15

SNOWFALL (IN)
  YESTERDAY       MM
  MONTH TO DATE    0.0
  SINCE MAR 1      0.0
  SINCE JUL 1      0.0

DEGREE DAYS
 HEATING
  YESTERDAY       16                        14      2       17
  MONTH TO DATE  395                       381     14      319
  SINCE MAR 1    827                       950   -123      804
  SINCE JUL 1   3389                      4277   -888     4371

 COOLING
  YESTERDAY        0                         0      0        0
  MONTH TO DATE    0                         0      0        0
  SINCE MAR 1      0                         0      0        0
  SINCE JAN 1      0                         0      0        0
..................................................................


WIND (MPH)
  HIGHEST WIND SPEED    15   HIGHEST WIND DIRECTION     N (340)
  HIGHEST GUST SPEED    18   HIGHEST GUST DIRECTION    NW (320)
  AVERAGE WIND SPEED     4.5


SKY COVER
  POSSIBLE SUNSHINE  MM
  AVERAGE SKY COVER 0.7


WEATHER CONDITIONS
 THE FOLLOWING WEATHER WAS RECORDED YESTERDAY.
  LIGHT RAIN
  FOG


RELATIVE HUMIDITY (PERCENT)
 HIGHEST    93          1200 AM
 LOWEST     59           500 PM
 AVERAGE    76

..........................................................


THE EUGENE OR CLIMATE NORMALS FOR TODAY
                         NORMAL    RECORD    YEAR
 MAXIMUM TEMPERATURE (F)   63        86      1947
 MINIMUM TEMPERATURE (F)   41        30      1943


SUNRISE AND SUNSET
APRIL 26 2015.........SUNRISE   612 AM PDT   SUNSET   810 PM PDT
APRIL 27 2015.........SUNRISE   610 AM PDT   SUNSET   811 PM PDT


-  INDICATES NEGATIVE NUMBERS.
R  INDICATES RECORD WAS SET OR TIED.
MM INDICATES DATA IS MISSING.
T  INDICATES TRACE AMOUNT.




$$
