000
CDUS43 KPAH 270629
CLIEVV


CLIMATE REPORT
NATIONAL WEATHER SERVICE PADUCAH KY
127 AM CDT MON APR 27 2015


...................................

...THE EVANSVILLE IN CLIMATE SUMMARY FOR APRIL 26 2015...

CLIMATE NORMAL PERIOD 1981 TO 2010
CLIMATE RECORD PERIOD 1896 TO 2015


WEATHER ITEM   OBSERVED TIME   RECORD YEAR NORMAL DEPARTURE LAST
                VALUE   (LST)  VALUE       VALUE  FROM      YEAR
                                                  NORMAL
..................................................................
TEMPERATURE (F)
 YESTERDAY
  MAXIMUM         64    354 PM  91    1989  71     -7       79
  MINIMUM         48    617 AM  34    1947  48      0       49
  AVERAGE         56                        60     -4       64

PRECIPITATION (IN)
  YESTERDAY        0.00          1.88 1898   0.16  -0.16     0.00
  MONTH TO DATE    6.62                      3.72   2.90     8.24
  SINCE MAR 1     13.47                      7.96   5.51    11.09
  SINCE JAN 1     19.00                     14.23   4.77    15.04

SNOWFALL (IN)
  YESTERDAY        0.0           T    1953   0.0    0.0      0.0
  MONTH TO DATE    0.0                       0.1   -0.1      0.0
  SINCE MAR 1      8.5                       1.1    7.4      2.6
  SINCE JUL 1     18.5                      11.8    6.7     12.6
  SNOW DEPTH       0

DEGREE DAYS
 HEATING
  YESTERDAY        9                         6      3        1
  MONTH TO DATE  162                       265   -103      199
  SINCE MAR 1    781                       857    -76      912
  SINCE JUL 1   4617                      4431    186     4874

 COOLING
  YESTERDAY        0                         1     -1        0
  MONTH TO DATE   28                        18     10        5
  SINCE MAR 1     28                        21      7        5
  SINCE JAN 1     28                        21      7        5
..................................................................


WIND (MPH)
  HIGHEST WIND SPEED    17   HIGHEST WIND DIRECTION    NE (30)
  HIGHEST GUST SPEED    23   HIGHEST GUST DIRECTION    NE (40)
  AVERAGE WIND SPEED    10.5


SKY COVER
  AVERAGE SKY COVER 0.4


WEATHER CONDITIONS
 THE FOLLOWING WEATHER WAS RECORDED YESTERDAY.
  NO SIGNIFICANT WEATHER WAS OBSERVED.


RELATIVE HUMIDITY (PERCENT)
 HIGHEST    86
 LOWEST     34
 AVERAGE    60

..........................................................


THE EVANSVILLE IN CLIMATE NORMALS FOR TODAY
                         NORMAL    RECORD    YEAR
 MAXIMUM TEMPERATURE (F)   71        91      1989
 MINIMUM TEMPERATURE (F)   48        32      1946


SUNRISE AND SUNSET
APRIL 27 2015.........SUNRISE   559 AM CDT   SUNSET   737 PM CDT
APRIL 28 2015.........SUNRISE   558 AM CDT   SUNSET   738 PM CDT


-  INDICATES NEGATIVE NUMBERS.
R  INDICATES RECORD WAS SET OR TIED.
MM INDICATES DATA IS MISSING.
T  INDICATES TRACE AMOUNT.




$$
