000
CDUS42 KKEY 180541
CLIEYW

CLIMATE REPORT
NATIONAL WEATHER SERVICE KEY WEST, FL
140 AM EDT SAT APR 18 2015

...................................

...THE KEY WEST CLIMATE SUMMARY FOR APRIL 17 2015...

CLIMATE NORMAL PERIOD 1981 TO 2010
CLIMATE RECORD PERIOD 1871 TO 2015

WEATHER ITEM   OBSERVED TIME   RECORD YEAR NORMAL DEPARTURE LAST
               VALUE    (LST)  VALUE       VALUE  FROM      YEAR
                                                  NORMAL
..................................................................
TEMPERATURE (F)
 YESTERDAY
  MAXIMUM         84    313 PM  89    1947  82      2       85
  MINIMUM         79   1159 PM  62    1987  72      7       76
                                      1873
  AVERAGE         82                        77      5       81

PRECIPITATION (IN)
  YESTERDAY        0.00          1.16 1897   0.08  -0.08     0.00
  MONTH TO DATE    0.11                      1.17  -1.06     0.56
  SINCE MAR 1      1.59                      3.22  -1.63     4.34
  SINCE JAN 1      4.82                      6.75  -1.93    11.94

SNOWFALL (IN)
  YESTERDAY        0.0
  MONTH TO DATE    0.0
  SINCE MAR 1      0.0
  SINCE JUL 1      0.0
  SNOW DEPTH       0

DEGREE DAYS
 HEATING
  YESTERDAY        0                         0      0        0
  MONTH TO DATE    0                         0      0        0
  SINCE MAR 1      0                         7     -7        0
  SINCE JUL 1     27                        73    -46       22

 COOLING
  YESTERDAY       17                        12      5       16
  MONTH TO DATE  252                       181     71      210
  SINCE MAR 1    624                       443    181      487
  SINCE JAN 1    982                       791    191      913
..................................................................

WIND (MPH)
  HIGHEST WIND SPEED    18   HIGHEST WIND DIRECTION    SE (140)
  HIGHEST GUST SPEED    23   HIGHEST GUST DIRECTION    SE (140)
  AVERAGE WIND SPEED    11.0

SKY COVER
  POSSIBLE SUNSHINE  MM
  AVERAGE SKY COVER 0.1

WEATHER CONDITIONS
 THE FOLLOWING WEATHER WAS RECORDED YESTERDAY.
  NO SIGNIFICANT WEATHER WAS OBSERVED.

RELATIVE HUMIDITY (PERCENT)
 HIGHEST    85
 LOWEST     69
 AVERAGE    77

..........................................................

THE KEY WEST CLIMATE NORMALS FOR TODAY
                         NORMAL    RECORD    YEAR
 MAXIMUM TEMPERATURE (F)   82        88      1953
 MINIMUM TEMPERATURE (F)   72        60      2007

SUNRISE AND SUNSET
APRIL 18 2015.........SUNRISE   703 AM EDT   SUNSET   750 PM EDT
APRIL 19 2015.........SUNRISE   702 AM EDT   SUNSET   751 PM EDT

-  INDICATES NEGATIVE NUMBERS.
R  INDICATES RECORD WAS SET OR TIED.
MM INDICATES DATA IS MISSING.
T  INDICATES TRACE AMOUNT.

$$
