000
CDAK49 PAFG 040931
CLIFAI

CLIMATE REPORT
NATIONAL WEATHER SERVICE FAIRBANKS AK
131 AM AKDT MON MAY 4 2015

...................................

...THE FAIRBANKS AK CLIMATE SUMMARY FOR MAY 3 2015...

CLIMATE NORMAL PERIOD 1981 TO 2010
CLIMATE RECORD PERIOD 1904 TO 2015


WEATHER ITEM   OBSERVED TIME   RECORD YEAR NORMAL DEPARTURE LAST
                VALUE   (LST)  VALUE       VALUE  FROM      YEAR
                                                  NORMAL
..................................................................
TEMPERATURE (F)
 YESTERDAY
  MAXIMUM         61    341 PM  72    2014  55      6       72
  MINIMUM         30    211 AM   0    1945  32     -2       43
  AVERAGE         46                        44      2       58

PRECIPITATION (IN)
  YESTERDAY        0.00          0.35 1923   0.02  -0.02     0.00
  MONTH TO DATE    0.00                      0.05  -0.05     0.00
  SINCE MAR 1      0.65                      0.61   0.04     0.41
  SINCE JAN 1      1.28                      1.61  -0.33     1.03

SNOWFALL (IN)
  YESTERDAY        0.0           3.0  1923   0.1   -0.1      0.0
  MONTH TO DATE    0.0                       0.2   -0.2      0.0
  SINCE MAR 1     10.2                       8.0    2.2      6.0
  SINCE JUL 1     43.8                      64.3  -20.5     48.9
  SNOW DEPTH       0

DEGREE DAYS
 HEATING
  YESTERDAY       19                        21     -2        7
  MONTH TO DATE   63                        65     -2       29
  SINCE MAR 1   2431                      2699   -268     2530
  SINCE JUL 1  11898                     13089  -1191    11922

 COOLING
  YESTERDAY        0                         0      0        0
  MONTH TO DATE    0                         0      0        0
  SINCE MAR 1      0                         0      0        0
  SINCE JAN 1      0                         0      0        0
..................................................................


WIND (MPH)
  HIGHEST GUST SPEED    16   HIGHEST GUST DIRECTION    NE (40)


SKY COVER
  AVERAGE SKY COVER 0.6


WEATHER CONDITIONS
 THE FOLLOWING WEATHER WAS RECORDED YESTERDAY.
  NO SIGNIFICANT WEATHER WAS OBSERVED.


RELATIVE HUMIDITY (PERCENT)
 HIGHEST    75
 LOWEST     24
 AVERAGE    50

..........................................................


THE FAIRBANKS AK CLIMATE NORMALS FOR TODAY
                         NORMAL    RECORD    YEAR
 MAXIMUM TEMPERATURE (F)   56        69      1907
 MINIMUM TEMPERATURE (F)   33         9      1945


SUNRISE AND SUNSET
MAY 04 2015..........SUNRISE  508 AM AKDT   SUNSET  1032 PM AKDT
MAY 05 2015..........SUNRISE  505 AM AKDT   SUNSET  1035 PM AKDT


-  INDICATES NEGATIVE NUMBERS.
R  INDICATES RECORD WAS SET OR TIED.
MM INDICATES DATA IS MISSING.
T  INDICATES TRACE AMOUNT.

&&

SNOW DEPTH IS MEASURED AT 3AM AKST/4AM AKDT

----------------------------
AVAILABLE DAYLIGHT

AMOUNT OF DAYLIGHT TODAY  (HOUR:MIN)........17:24
GAIN SINCE YESTERDAY........................7 MINUTES
----------------------------

$$
SDB MAY 15
