000
CDUS46 KHNX 070820
CLIFAT


CLIMATE REPORT
NATIONAL WEATHER SERVICE SAN JOAQUIN VALLEY, CA
120 AM PDT THU MAY 7 2015


...................................

...THE FRESNO CA CLIMATE SUMMARY FOR MAY 6 2015...

CLIMATE NORMAL PERIOD 1981 TO 2010
CLIMATE RECORD PERIOD 1887 TO 2015


WEATHER ITEM   OBSERVED TIME   RECORD YEAR NORMAL DEPARTURE
                VALUE   (LST)  VALUE       VALUE  FROM
                                                  NORMAL
...............................................................
TEMPERATURE (F)
 YESTERDAY
  MAXIMUM         76    412 PM 100    1987  81     -5
  MINIMUM         51    533 AM  41    1975  54     -3
                                      1968
                                      1965
  AVERAGE         64                        68     -4

PRECIPITATION (IN)
  YESTERDAY        0.00          1.25 1883   0.02  -0.02
  MONTH TO DATE    0.00                      0.12  -0.12
  SINCE OCT 1      5.84                     10.79  -4.95
  SINCE JAN 1      2.65                      7.32  -4.67

SNOWFALL (IN)
  YESTERDAY        0.0
  MONTH TO DATE    0.0
  SINCE MAR 1      0.0
  SINCE JUL 1      0.0
  SNOW DEPTH       0

DEGREE DAYS
 HEATING
  YESTERDAY        1                               -1
  MONTH TO DATE    1                              -11
  SINCE MAR 1    169                             -244
  SINCE JUL 1   1495                             -830

 COOLING
  YESTERDAY        0                               -4
  MONTH TO DATE   36                               14
  SINCE MAR 1    164                               91
  SINCE JAN 1    164                               91
...............................................................


WIND (MPH)
  HIGHEST WIND SPEED    15   HIGHEST WIND DIRECTION    NW (300)
  HIGHEST GUST SPEED    18   HIGHEST GUST DIRECTION    NW (300)
  AVERAGE WIND SPEED     7.9




RELATIVE HUMIDITY (PERCENT)
 HIGHEST    71
 LOWEST     21
 AVERAGE    46

..........................................................


THE FRESNO CA CLIMATE NORMALS FOR TODAY
                         NORMAL    RECORD    YEAR
 MAXIMUM TEMPERATURE (F)   82       103      1987
 MINIMUM TEMPERATURE (F)   54        36      1965


SUNRISE AND SUNSET
MAY  7 2015...........SUNRISE   559 AM PDT   SUNSET   753 PM PDT
MAY  8 2015...........SUNRISE   558 AM PDT   SUNSET   753 PM PDT


-  INDICATES NEGATIVE NUMBERS.
R  INDICATES RECORD WAS SET OR TIED.
MM INDICATES DATA IS MISSING.
T  INDICATES TRACE AMOUNT.




$$
