000
CDUS42 KRAH 271430
CLIFAY


CLIMATE REPORT
NATIONAL WEATHER SERVICE RALEIGH NC
1028 AM EDT MON APR 27 2015


...................................

...THE FAYETTEVILLE REGL AIRPORT NC CLIMATE SUMMARY FOR APRIL 27 2015...
VALID AS OF 1028 AM LOCAL TIME.

CLIMATE NORMAL PERIOD 1981 TO 2010
CLIMATE RECORD PERIOD 1910 TO 2015


WEATHER ITEM   OBSERVED TIME   RECORD YEAR NORMAL DEPARTURE LAST
                VALUE   (LST)  VALUE       VALUE  FROM      YEAR
                                                  NORMAL
..................................................................
TEMPERATURE (F)
 TODAY
  MAXIMUM         61            93    1990  78              88
  MINIMUM         46    602 AM  35    1972  53     -7       56
  AVERAGE         54                        66              72

PRECIPITATION (IN)
  TODAY            T             3.12 1920   0.06  -0.06     0.00
  MONTH TO DATE    2.55                      2.63  -0.08     2.58
  SINCE MAR 1      5.25                      6.18  -0.93     6.22
  SINCE JAN 1     12.90                     12.24   0.66    12.94

..................................................................


WIND (MPH)
  RESULTANT WIND SPEED   3   RESULTANT WIND DIRECTION  NW (310)
  HIGHEST WIND SPEED    10   HIGHEST WIND DIRECTION     W (280)
  HIGHEST GUST SPEED    13   HIGHEST GUST DIRECTION     W (280)
  AVERAGE WIND SPEED     2.7


SKY COVER
  POSSIBLE SUNSHINE  MM
  AVERAGE SKY COVER 0.3


WEATHER CONDITIONS
 THE FOLLOWING WEATHER WAS RECORDED TODAY.
  LIGHT RAIN
  FOG


RELATIVE HUMIDITY (PERCENT)
 HIGHEST    93           200 AM
 LOWEST     55           900 AM
 AVERAGE    74

..........................................................




SUNRISE AND SUNSET
APRIL 27 2015.........SUNRISE   629 AM EDT   SUNSET   758 PM EDT
APRIL 28 2015.........SUNRISE   628 AM EDT   SUNSET   758 PM EDT


-  INDICATES NEGATIVE NUMBERS.
R  INDICATES RECORD WAS SET OR TIED.
MM INDICATES DATA IS MISSING.
T  INDICATES TRACE AMOUNT.




$$
