000
CDUS43 KFGF 020650
CLIFGF


CLIMATE REPORT
NATIONAL WEATHER SERVICE EASTERN NORTH DAKOTA/GRAND FORKS
149 AM CDT THU APR 2 2015


...................................

...THE GRAND FORKS UNIV. (NWS) ND CLIMATE SUMMARY FOR APRIL 1 2015...

CLIMATE NORMAL PERIOD 1981 TO 2010
CLIMATE RECORD PERIOD 1890 TO 2015


WEATHER ITEM   OBSERVED TIME   RECORD YEAR NORMAL DEPARTURE LAST
                VALUE   (LST)  VALUE       VALUE  FROM      YEAR
                                                  NORMAL
..................................................................
TEMPERATURE (F)
 YESTERDAY
  MAXIMUM         68        MM  72    2012  45     23       23
  MINIMUM         41        MM  -6    1975  25     16        6
  AVERAGE         55                        35     20       15

PRECIPITATION (IN)
  YESTERDAY        0.00          0.93   MM   0.03  -0.03     0.00
  MONTH TO DATE    0.00                      0.03  -0.03     0.00
  SINCE MAR 1      0.34                      1.05  -0.71     1.11
  SINCE JAN 1      0.87                      2.35  -1.48     1.84

SNOWFALL (IN)
  YESTERDAY        0.0           2.3    MM   0.1   -0.1      0.0
  MONTH TO DATE    0.0                       0.1   -0.1      0.0
  SINCE MAR 1      2.7                       6.5   -3.8     13.5
  SINCE JUL 1     19.0                      41.8  -22.8     59.2
  SNOW DEPTH       0

DEGREE DAYS
 HEATING
  YESTERDAY       10                        30    -20       50
  MONTH TO DATE   10                        30    -20       50
  SINCE MAR 1   1037                      1236   -199     1486
  SINCE JUL 1   7886                      8196   -310     9232

 COOLING
  YESTERDAY        0                         0      0        0
  MONTH TO DATE    0                         0      0        0
  SINCE MAR 1      0                         0      0        0
  SINCE JAN 1      0                         0      0        0
..................................................................


WIND (MPH)
  RESULTANT WIND SPEED  MM   RESULTANT WIND DIRECTION  MM
  HIGHEST WIND SPEED    MM   HIGHEST WIND DIRECTION    MM
  HIGHEST GUST SPEED    MM   HIGHEST GUST DIRECTION    MM
  AVERAGE WIND SPEED    MM


SKY COVER
  POSSIBLE SUNSHINE  MM
  AVERAGE SKY COVER  MM


WEATHER CONDITIONS
 THE FOLLOWING WEATHER WAS RECORDED YESTERDAY.
  NO SIGNIFICANT WEATHER WAS OBSERVED.


RELATIVE HUMIDITY (PERCENT)
 HIGHEST    MM
 LOWEST     MM
 AVERAGE    MM

..........................................................


THE GRAND FORKS UNIV. (NWS) ND CLIMATE NORMALS FOR TODAY
                         NORMAL    RECORD    YEAR
 MAXIMUM TEMPERATURE (F)   46        69      1910
 MINIMUM TEMPERATURE (F)   26        -9      1920


SUNRISE AND SUNSET
APRIL  2 2015.........SUNRISE   705 AM CDT   SUNSET   800 PM CDT
APRIL  3 2015.........SUNRISE   703 AM CDT   SUNSET   801 PM CDT


-  INDICATES NEGATIVE NUMBERS.
R  INDICATES RECORD WAS SET OR TIED.
MM INDICATES DATA IS MISSING.
T  INDICATES TRACE AMOUNT.




$$
