000
CDUS43 KFGF 270634
CLIFGF


CLIMATE REPORT
NATIONAL WEATHER SERVICE EASTERN NORTH DAKOTA/GRAND FORKS
134 AM CDT MON APR 27 2015


...................................

...THE GRAND FORKS UNIV. (NWS) ND CLIMATE SUMMARY FOR APRIL 26 2015...

CLIMATE NORMAL PERIOD 1981 TO 2010
CLIMATE RECORD PERIOD 1890 TO 2015


WEATHER ITEM   OBSERVED TIME   RECORD YEAR NORMAL DEPARTURE LAST
                VALUE   (LST)  VALUE       VALUE  FROM      YEAR
                                                  NORMAL
..................................................................
TEMPERATURE (F)
 YESTERDAY
  MAXIMUM         68        MM  91    1952  61      7       53
  MINIMUM         38        MM  18    1931  36      2       34
  AVERAGE         53                        48      5       44

PRECIPITATION (IN)
  YESTERDAY        0.00          1.12   MM   0.04  -0.04     0.00
  MONTH TO DATE    0.50                      0.79  -0.29     0.87
  SINCE MAR 1      0.84                      1.81  -0.97     1.98
  SINCE JAN 1      1.37                      3.11  -1.74     2.71

SNOWFALL (IN)
  YESTERDAY        0.0           2.3    MM   0.0    0.0      0.0
  MONTH TO DATE    0.3                       0.9   -0.6      1.1
  SINCE MAR 1      3.0                       7.3   -4.3     14.6
  SINCE JUL 1     19.3                      42.6  -23.3     60.3
  SNOW DEPTH       0

DEGREE DAYS
 HEATING
  YESTERDAY       12                        17     -5       21
  MONTH TO DATE  545                       600    -55      719
  SINCE MAR 1   1572                      1806   -234     2155
  SINCE JUL 1   8421                      8766   -345     9901

 COOLING
  YESTERDAY        0                         0      0        0
  MONTH TO DATE    0                         0      0        0
  SINCE MAR 1      0                         0      0        0
  SINCE JAN 1      0                         0      0        0
..................................................................


WIND (MPH)
  RESULTANT WIND SPEED  MM   RESULTANT WIND DIRECTION  MM
  HIGHEST WIND SPEED    MM   HIGHEST WIND DIRECTION    MM
  HIGHEST GUST SPEED    MM   HIGHEST GUST DIRECTION    MM
  AVERAGE WIND SPEED    MM


SKY COVER
  POSSIBLE SUNSHINE  MM
  AVERAGE SKY COVER  MM


WEATHER CONDITIONS
 THE FOLLOWING WEATHER WAS RECORDED YESTERDAY.
  NO SIGNIFICANT WEATHER WAS OBSERVED.


RELATIVE HUMIDITY (PERCENT)
 HIGHEST    MM
 LOWEST     MM
 AVERAGE    MM

..........................................................


THE GRAND FORKS UNIV. (NWS) ND CLIMATE NORMALS FOR TODAY
                         NORMAL    RECORD    YEAR
 MAXIMUM TEMPERATURE (F)   61        95      1952
 MINIMUM TEMPERATURE (F)   36         7      1909


SUNRISE AND SUNSET
APRIL 27 2015.........SUNRISE   618 AM CDT   SUNSET   835 PM CDT
APRIL 28 2015.........SUNRISE   616 AM CDT   SUNSET   837 PM CDT


-  INDICATES NEGATIVE NUMBERS.
R  INDICATES RECORD WAS SET OR TIED.
MM INDICATES DATA IS MISSING.
T  INDICATES TRACE AMOUNT.




$$
