000
CDUS43 KFSD 062225
CLIFSD


CLIMATE REPORT
NATIONAL WEATHER SERVICE SIOUX FALLS SD
523 PM CDT WED MAY 6 2015


...................................

...THE SIOUX FALLS SD CLIMATE SUMMARY FOR MAY 6 2015...
VALID TODAY AS OF 0500 PM LOCAL TIME.

CLIMATE NORMAL PERIOD 1981 TO 2010
CLIMATE RECORD PERIOD 1893 TO 2015


WEATHER ITEM   OBSERVED TIME   RECORD YEAR NORMAL DEPARTURE LAST
                VALUE   (LST)  VALUE       VALUE  FROM      YEAR
                                                  NORMAL
..................................................................
TEMPERATURE (F)
 TODAY
  MAXIMUM         72    253 PM  89    1934  67      5       70
  MINIMUM         62    648 AM  25    1976  43     19       45
                                      1931
  AVERAGE         67                        55     12       58

PRECIPITATION (IN)
  TODAY            0.10          1.57 1900   0.11  -0.01     0.00
  MONTH TO DATE    0.10                      0.65  -0.55     0.10
  SINCE MAR 1      1.43                      5.42  -3.99     1.98
  SINCE JAN 1      2.65                      6.58  -3.93     2.97

SNOWFALL (IN)
  TODAY            0.0           T    1942   0.1   -0.1      0.0
  MONTH TO DATE    0.0                       0.3   -0.3      0.0
  SINCE MAR 1      1.7                      13.3  -11.6     11.1
  SINCE JUL 1     31.9                      44.8  -12.9     45.3
  SNOW DEPTH       0

DEGREE DAYS
 HEATING
  TODAY            0                        11    -11        7
  MONTH TO DATE   17                        69    -52       89
  SINCE MAR 1   1268                      1626   -358     1760
  SINCE JUL 1   7017                      7476   -459     8107

 COOLING
  TODAY            2                         1      1        0
  MONTH TO DATE    6                         2      4        0
  SINCE MAR 1     10                         7      3        0
  SINCE JAN 1     10                         7      3        0
..................................................................


WIND (MPH)
  HIGHEST WIND SPEED    33   HIGHEST WIND DIRECTION     S (170)
  HIGHEST GUST SPEED    42   HIGHEST GUST DIRECTION     S (170)
  AVERAGE WIND SPEED    16.4


SKY COVER
  POSSIBLE SUNSHINE  MM
  AVERAGE SKY COVER 0.9


WEATHER CONDITIONS
 THE FOLLOWING WEATHER WAS RECORDED TODAY.
  RAIN
  LIGHT RAIN
  FOG


RELATIVE HUMIDITY (PERCENT)
 HIGHEST    93          1200 AM
 LOWEST     73           400 PM
 AVERAGE    83

..........................................................


THE SIOUX FALLS SD CLIMATE NORMALS FOR TOMORROW
                         NORMAL    RECORD    YEAR
 MAXIMUM TEMPERATURE (F)   67        92      1916
 MINIMUM TEMPERATURE (F)   43        26      1991


SUNRISE AND SUNSET
MAY  6 2015...........SUNRISE   613 AM CDT   SUNSET   835 PM CDT
MAY  7 2015...........SUNRISE   612 AM CDT   SUNSET   836 PM CDT


-  INDICATES NEGATIVE NUMBERS.
R  INDICATES RECORD WAS SET OR TIED.
MM INDICATES DATA IS MISSING.
T  INDICATES TRACE AMOUNT.




$$
