000
CDUS46 KSGX 190018
CLIFUL


CLIMATE REPORT
NATIONAL WEATHER SERVICE SAN DIEGO, CA
518 PM PDT SAT APR 18 2015


...................................

...THE FULLERTON AIRPORT CA CLIMATE SUMMARY FOR APRIL 18 2015...
VALID TODAY AS OF 0500 PM LOCAL TIME.

CLIMATE NORMAL PERIOD 1981 TO 2010
CLIMATE RECORD PERIOD 1998 TO 2015


WEATHER ITEM   OBSERVED TIME   RECORD YEAR NORMAL DEPARTURE LAST
                VALUE   (LST)  VALUE       VALUE  FROM      YEAR
                                                  NORMAL
..................................................................
TEMPERATURE (F)
 TODAY
  MAXIMUM         80    218 PM  89    1999  73      7       72
  MINIMUM         54    405 AM  48    2006  53      1       61
  AVERAGE         67                        63      4       67

PRECIPITATION (IN)
  TODAY            0.00          0.00   MM   0.04  -0.04     0.00
  MONTH TO DATE    0.21                      0.51  -0.30     0.22
  SINCE OCT 1      5.54                     12.85  -7.31     4.57
  SINCE JAN 1      1.72                      8.95  -7.23     3.26

SNOWFALL (IN)
  TODAY            0.0
  MONTH TO DATE    0.0
  SINCE MAR 1      0.0
  SINCE JUL 1      0.0
  SNOW DEPTH       0

DEGREE DAYS
 HEATING
  TODAY            0                         3     -3        0
  MONTH TO DATE   18                        71    -53       31
  SINCE MAR 1     51                       241   -190       84
  SINCE JUL 1    414                      1163   -749      582

 COOLING
  TODAY            2                         1      1        2
  MONTH TO DATE   39                        15     24       46
  SINCE MAR 1    189                        28    161       81
  SINCE JAN 1    240                        37    203      101
..................................................................


WIND (MPH)
  RESULTANT WIND SPEED   3   RESULTANT WIND DIRECTION   S (190)
  HIGHEST WIND SPEED    10   HIGHEST WIND DIRECTION     S (200)
  HIGHEST GUST SPEED    15   HIGHEST GUST DIRECTION    SW (220)
  AVERAGE WIND SPEED     4.5


SKY COVER
  POSSIBLE SUNSHINE  MM
  AVERAGE SKY COVER 0.0


WEATHER CONDITIONS
 THE FOLLOWING WEATHER WAS RECORDED TODAY.
  NO SIGNIFICANT WEATHER WAS OBSERVED.


RELATIVE HUMIDITY (PERCENT)
 HIGHEST    57           100 AM
 LOWEST     23           100 PM
 AVERAGE    40

..........................................................


THE FULLERTON AIRPORT CA CLIMATE NORMALS FOR TOMORROW
                         NORMAL    RECORD    YEAR
 MAXIMUM TEMPERATURE (F)   73       100      2009
 MINIMUM TEMPERATURE (F)   53        46      2007


SUNRISE AND SUNSET
APRIL 18 2015.........SUNRISE   618 AM PDT   SUNSET   725 PM PDT
APRIL 19 2015.........SUNRISE   616 AM PDT   SUNSET   726 PM PDT


-  INDICATES NEGATIVE NUMBERS.
R  INDICATES RECORD WAS SET OR TIED.
MM INDICATES DATA IS MISSING.
T  INDICATES TRACE AMOUNT.




$$
