000
CDUS44 KJAN 052122
CLIGLH


CLIMATE REPORT
NATIONAL WEATHER SERVICE JACKSON MS
421 PM CDT TUE MAY 5 2015


...................................

...THE GREENVILLE CLIMATE SUMMARY FOR MAY 5 2015...
VALID TODAY AS OF 0400 PM LOCAL TIME.

CLIMATE NORMAL PERIOD 1981 TO 2010
CLIMATE RECORD PERIOD 1920 TO 2015


WEATHER ITEM   OBSERVED TIME   RECORD YEAR NORMAL DEPARTURE LAST
                VALUE   (LST)  VALUE       VALUE  FROM      YEAR
                                                  NORMAL
..................................................................
TEMPERATURE (F)
 TODAY
  MAXIMUM         87    150 PM  93    1943  80      7       84
  MINIMUM         65    601 AM  43    1957  59      6       61
                                      1921
  AVERAGE         76                        69      7       73

PRECIPITATION (IN)
  TODAY            0.00          2.34 1958   0.19  -0.19     0.00
  MONTH TO DATE    0.00                      0.90  -0.90     0.00
  SINCE MAR 1      8.89                     10.26  -1.37    14.58
  SINCE JAN 1     15.34                     20.25  -4.91    18.88

SNOWFALL (IN)
  TODAY            0.0

DEGREE DAYS
 HEATING
  TODAY            0                         1     -1        0
  MONTH TO DATE    3                         5     -2       12
  SINCE MAR 1    377                       457    -80      580
  SINCE JUL 1   2864                      2766     98     3187

 COOLING
  TODAY           11                         5      6        8
  MONTH TO DATE   22                        24     -2       15
  SINCE MAR 1    120                       105     15       89
  SINCE JAN 1    120                       110     10       89
..................................................................


WIND (MPH)
  HIGHEST WIND SPEED    23   HIGHEST WIND DIRECTION     S (170)
  HIGHEST GUST SPEED    31   HIGHEST GUST DIRECTION     S (180)
  AVERAGE WIND SPEED    11.5


SKY COVER
  POSSIBLE SUNSHINE  MM
  AVERAGE SKY COVER 0.3


WEATHER CONDITIONS
 THE FOLLOWING WEATHER WAS RECORDED TODAY.
  NO SIGNIFICANT WEATHER WAS OBSERVED.


RELATIVE HUMIDITY (PERCENT)
 HIGHEST    87           600 AM
 LOWEST     32          1200 PM
 AVERAGE    60

..........................................................


THE GREENVILLE CLIMATE NORMALS FOR TOMORROW
                         NORMAL    RECORD    YEAR
 MAXIMUM TEMPERATURE (F)   80        92      2012
                                             1955
 MINIMUM TEMPERATURE (F)   59        45      2005


SUNRISE AND SUNSET
MAY  5 2015...........SUNRISE   612 AM CDT   SUNSET   750 PM CDT
MAY  6 2015...........SUNRISE   611 AM CDT   SUNSET   750 PM CDT


-  INDICATES NEGATIVE NUMBERS.
R  INDICATES RECORD WAS SET OR TIED.
MM INDICATES DATA IS MISSING.
T  INDICATES TRACE AMOUNT.




$$
