000
CDUS44 KHGX 182147
CLIGLS


CLIMATE REPORT
NATIONAL WEATHER SERVICE HOUSTON/GALVESTON TX
444 PM CDT SAT APR 18 2015


...................................

...THE GALVESTON CLIMATE SUMMARY FOR APRIL 18 2015...
VALID TODAY AS OF 400 PM LOCAL TIME.

CLIMATE NORMAL PERIOD 1981 TO 2010
CLIMATE RECORD PERIOD 1875 TO 2015


WEATHER ITEM   OBSERVED TIME   RECORD YEAR NORMAL DEPARTURE LAST
                VALUE   (LST)  VALUE       VALUE  FROM      YEAR
                                                  NORMAL
..................................................................
TEMPERATURE (F)
 TODAY
  MAXIMUM         75    211 PM  85    1988  76     -1       76
  MINIMUM         70    534 AM  44    1901  65      5       58
  AVERAGE         73                        71      2       67

PRECIPITATION (IN)
  TODAY            0.09          3.80 1938   0.12  -0.03     0.00
  MONTH TO DATE    4.36                      1.95   2.41     0.10
  SINCE MAR 1     12.05                      5.11   6.94     1.92
  SINCE JAN 1     18.19                     11.88   6.31     4.97

SNOWFALL (IN)
  TODAY           MM            MM      MM  MM     MM        0.0
  MONTH TO DATE    0.0                      MM     MM        0.0
  SINCE MAR 1      0.0                      MM     MM        0.0
  SINCE JUL 1      0.0                      MM     MM         T
  SNOW DEPTH      MM

DEGREE DAYS
 HEATING
  TODAY            0                         0      0        0
  MONTH TO DATE    0                        16    -16       20
  SINCE MAR 1    120                       119      1      186
  SINCE JUL 1   1182                      1007    175     1425

 COOLING
  TODAY            8                         6      2        2
  MONTH TO DATE  142                        84     58       57
  SINCE MAR 1    188                       137     51       78
  SINCE JAN 1    194                       154     40       85
..................................................................


WIND (MPH)
  RESULTANT WIND SPEED  MM   RESULTANT WIND DIRECTION  MM
  HIGHEST WIND SPEED    29   HIGHEST WIND DIRECTION     E (100)
  HIGHEST GUST SPEED    36   HIGHEST GUST DIRECTION     E (100)
  AVERAGE WIND SPEED    MM


SKY COVER
  AVERAGE SKY COVER  MM


WEATHER CONDITIONS
 THE FOLLOWING WEATHER WAS RECORDED TODAY.
  LIGHT RAIN


RELATIVE HUMIDITY (PERCENT)
 HIGHEST    MM
 LOWEST     MM
 AVERAGE    MM

..........................................................


THE GALVESTON CLIMATE NORMALS FOR TOMORROW
                         NORMAL    RECORD    YEAR
 MAXIMUM TEMPERATURE (F)   77        83      2011
                                             1965
 MINIMUM TEMPERATURE (F)   65        48      1953


SUNRISE AND SUNSET
APRIL 18 2015.........SUNRISE   650 AM CDT   SUNSET   748 PM CDT
APRIL 19 2015.........SUNRISE   649 AM CDT   SUNSET   748 PM CDT


-  INDICATES NEGATIVE NUMBERS.
R  INDICATES RECORD WAS SET OR TIED.
MM INDICATES DATA IS MISSING.
T  INDICATES TRACE AMOUNT.


$$
