000
CDUS44 KHGX 020717
CLIGLS


CLIMATE REPORT
NATIONAL WEATHER SERVICE HOUSTON/GALVESTON TX
217 AM CDT THU APR 2 2015


...................................

...THE GALVESTON CLIMATE SUMMARY FOR APRIL 1 2015...

CLIMATE NORMAL PERIOD 1981 TO 2010
CLIMATE RECORD PERIOD 1875 TO 2015


WEATHER ITEM   OBSERVED TIME   RECORD YEAR NORMAL DEPARTURE LAST
                VALUE   (LST)  VALUE       VALUE  FROM      YEAR
                                                  NORMAL
..................................................................
TEMPERATURE (F)
 YESTERDAY
  MAXIMUM         77    107 PM  81    1935  73      4       76
  MINIMUM         67    615 AM  44    1931  61      6       66
                                      1915
  AVERAGE         72                        67      5       71

PRECIPITATION (IN)
  YESTERDAY        0.00          2.15 1955   0.10  -0.10      T
  MONTH TO DATE    0.00                      0.10  -0.10      T
  SINCE MAR 1      7.69                      3.26   4.43     1.82
  SINCE JAN 1     13.83                     10.03   3.80     4.87

SNOWFALL (IN)
  YESTERDAY        0.0          MM      MM  MM     MM        0.0
  MONTH TO DATE    0.0                      MM     MM        0.0
  SINCE MAR 1      0.0                      MM     MM        0.0
  SINCE JUL 1      0.0                      MM     MM         T
  SNOW DEPTH       0

DEGREE DAYS
 HEATING
  YESTERDAY        0                         1     -1        0
  MONTH TO DATE    0                         1     -1        0
  SINCE MAR 1    120                       104     16      166
  SINCE JUL 1   1182                       992    190     1405

 COOLING
  YESTERDAY        7                         3      4        6
  MONTH TO DATE    7                         3      4        6
  SINCE MAR 1     53                        56     -3       27
  SINCE JAN 1     59                        73    -14       34
..................................................................


WIND (MPH)
  RESULTANT WIND SPEED  10   RESULTANT WIND DIRECTION  SE (150)
  HIGHEST WIND SPEED    20   HIGHEST WIND DIRECTION     S (160)
  HIGHEST GUST SPEED    24   HIGHEST GUST DIRECTION     S (160)
  AVERAGE WIND SPEED    10.3


SKY COVER
  AVERAGE SKY COVER 0.5


WEATHER CONDITIONS
 THE FOLLOWING WEATHER WAS RECORDED YESTERDAY.
  FOG


RELATIVE HUMIDITY (PERCENT)
 HIGHEST   100
 LOWEST     82
 AVERAGE    91

..........................................................


THE GALVESTON CLIMATE NORMALS FOR TODAY
                         NORMAL    RECORD    YEAR
 MAXIMUM TEMPERATURE (F)   73        80      2012
                                             2006
 MINIMUM TEMPERATURE (F)   61        44      1915


SUNRISE AND SUNSET
APRIL  2 2015.........SUNRISE   708 AM CDT   SUNSET   738 PM CDT
APRIL  3 2015.........SUNRISE   707 AM CDT   SUNSET   739 PM CDT


-  INDICATES NEGATIVE NUMBERS.
R  INDICATES RECORD WAS SET OR TIED.
MM INDICATES DATA IS MISSING.
T  INDICATES TRACE AMOUNT.




$$
