000
CDUS42 KJAX 250531
CLIGNV


CLIMATE REPORT
NATIONAL WEATHER SERVICE JACKSONVILLE FL
131 AM EDT SAT APR 25 2015


...................................

...THE GAINESVILLE CLIMATE SUMMARY FOR APRIL 24 2015...

CLIMATE NORMAL PERIOD 1981 TO 2010
CLIMATE RECORD PERIOD 1890 TO 2015


WEATHER ITEM   OBSERVED TIME   RECORD YEAR NORMAL DEPARTURE LAST
                VALUE   (LST)  VALUE       VALUE  FROM      YEAR
                                                  NORMAL
..................................................................
TEMPERATURE (F)
 YESTERDAY
  MAXIMUM         84    345 PM  94    1999  82      2       86
  MINIMUM         62   1146 PM  39    1993  57      5       62
  AVERAGE         73                        69      4       74

PRECIPITATION (IN)
  YESTERDAY        0.00          2.82 1945   0.08  -0.08     0.00
  MONTH TO DATE    1.69                      2.22  -0.53     1.37
  SINCE MAR 1      2.86                      6.55  -3.69     6.87
  SINCE JAN 1      8.12                     13.06  -4.94    16.44

SNOWFALL (IN)
  YESTERDAY        0.0           0.0    MM   0.0    0.0      0.0
  MONTH TO DATE    0.0                       0.0    0.0      0.0
  SINCE MAR 1      0.0                       0.0    0.0      0.0
  SINCE JUL 1      0.0                       0.0    0.0      0.0
  SNOW DEPTH       0

DEGREE DAYS
 HEATING
  YESTERDAY        0                         1     -1        0
  MONTH TO DATE    0                        39    -39       20
  SINCE MAR 1     60                       176   -116      183
  SINCE JUL 1   1211                      1210      1     1093

 COOLING
  YESTERDAY        8                         5      3        9
  MONTH TO DATE  197                        87    110       81
  SINCE MAR 1    336                       141    195      106
  SINCE JAN 1    351                       173    178      143
..................................................................


WIND (MPH)
  HIGHEST WIND SPEED    14   HIGHEST WIND DIRECTION     E (110)
  HIGHEST GUST SPEED    19   HIGHEST GUST DIRECTION     N (10)
  AVERAGE WIND SPEED     6.3


SKY COVER
  POSSIBLE SUNSHINE  MM
  AVERAGE SKY COVER 0.1


WEATHER CONDITIONS
 THE FOLLOWING WEATHER WAS RECORDED YESTERDAY.
  FOG


RELATIVE HUMIDITY (PERCENT)
 HIGHEST   100           200 AM
 LOWEST     37           100 PM
 AVERAGE    69

..........................................................


THE GAINESVILLE CLIMATE NORMALS FOR TODAY
                         NORMAL    RECORD    YEAR
 MAXIMUM TEMPERATURE (F)   82        93      1896
 MINIMUM TEMPERATURE (F)   57        39      2005


SUNRISE AND SUNSET
APRIL 25 2015.........SUNRISE   652 AM EDT   SUNSET   802 PM EDT
APRIL 26 2015.........SUNRISE   652 AM EDT   SUNSET   803 PM EDT


-  INDICATES NEGATIVE NUMBERS.
R  INDICATES RECORD WAS SET OR TIED.
MM INDICATES DATA IS MISSING.
T  INDICATES TRACE AMOUNT.




$$
