000
CDUS43 KGID 190643
CLIGRI


CLIMATE REPORT
NATIONAL WEATHER SERVICE HASTINGS NE
143 AM CDT SUN APR 19 2015


...................................

...THE GRAND ISLAND NE CLIMATE SUMMARY FOR APRIL 18 2015...

CLIMATE NORMAL PERIOD 1981 TO 2010
CLIMATE RECORD PERIOD 1895 TO 2015


WEATHER ITEM   OBSERVED TIME   RECORD YEAR NORMAL DEPARTURE LAST
                VALUE   (LST)  VALUE       VALUE  FROM      YEAR
                                                  NORMAL
..................................................................
TEMPERATURE (F)
 YESTERDAY
  MAXIMUM         71    450 PM  93    1994  64      7       70
                                      1985
  MINIMUM         52   1156 PM  17    1953  39     13       37
  AVERAGE         62                        52     10       54

PRECIPITATION (IN)
  YESTERDAY        0.62          1.15 1970   0.08   0.54     0.00
  MONTH TO DATE    1.48                      1.34   0.14     0.96
  SINCE MAR 1      1.64                      3.14  -1.50     1.15
  SINCE JAN 1      2.81                      4.35  -1.54     1.80

SNOWFALL (IN)
  YESTERDAY        0.0           4.0  2013   0.0    0.0      0.0
  MONTH TO DATE    0.8                       1.2   -0.4      1.7
  SINCE MAR 1      1.4                       6.6   -5.2      2.9
  SINCE JUL 1     24.3                      28.7   -4.4     16.4
  SNOW DEPTH       0

DEGREE DAYS
 HEATING
  YESTERDAY        3                        14    -11       11
  MONTH TO DATE  214                       303    -89      308
  SINCE MAR 1    862                      1099   -237     1162
  SINCE JUL 1   5599                      5860   -261     5997

 COOLING
  YESTERDAY        0                         0      0        0
  MONTH TO DATE    4                         0      4        1
  SINCE MAR 1      4                         0      4        1
  SINCE JAN 1      4                         0      4        1
..................................................................


WIND (MPH)
  HIGHEST WIND SPEED    28   HIGHEST WIND DIRECTION    SW (220)
  HIGHEST GUST SPEED    37   HIGHEST GUST DIRECTION    SW (240)
  AVERAGE WIND SPEED     8.9


SKY COVER
  AVERAGE SKY COVER 0.5


WEATHER CONDITIONS
 THE FOLLOWING WEATHER WAS RECORDED YESTERDAY.
  THUNDERSTORM
  HEAVY RAIN
  RAIN
  LIGHT RAIN
  FOG


RELATIVE HUMIDITY (PERCENT)
 HIGHEST    93          1200 AM
 LOWEST     57           500 PM
 AVERAGE    75

..........................................................


THE GRAND ISLAND NE CLIMATE NORMALS FOR TODAY
                         NORMAL    RECORD    YEAR
 MAXIMUM TEMPERATURE (F)   65        89      1987
 MINIMUM TEMPERATURE (F)   39        22      1907


SUNRISE AND SUNSET
APRIL 19 2015.........SUNRISE   648 AM CDT   SUNSET   817 PM CDT
APRIL 20 2015.........SUNRISE   647 AM CDT   SUNSET   818 PM CDT


-  INDICATES NEGATIVE NUMBERS.
R  INDICATES RECORD WAS SET OR TIED.
MM INDICATES DATA IS MISSING.
T  INDICATES TRACE AMOUNT.




$$
