000
CDUS42 KGSP 190630
CLIGSP

CLIMATE REPORT
NATIONAL WEATHER SERVICE GREENVILLE-SPARTANBURG SC
229 AM EDT SUN APR 19 2015


...................................

...THE GREENVILLE-SPARTANBURG SC CLIMATE SUMMARY FOR APRIL 18 2015...

CLIMATE NORMAL PERIOD 1981 TO 2010
CLIMATE RECORD PERIOD 1884 TO 2015


WEATHER ITEM   OBSERVED TIME   RECORD YEAR NORMAL DEPARTURE LAST
                VALUE   (LST)  VALUE       VALUE  FROM      YEAR
                                                  NORMAL
..................................................................
TEMPERATURE (F)
 YESTERDAY
  MAXIMUM         77    117 PM  89    2002  73      4       55
                                      1967
  MINIMUM         60    606 AM  28    1905  49     11       47
  AVERAGE         69                        61      8       51

PRECIPITATION (IN)
  YESTERDAY        0.04          3.01 1969   0.11  -0.07     0.67
  MONTH TO DATE    4.16                      2.01   2.15     4.27
  SINCE MAR 1      6.25                      6.53  -0.28     8.36
  SINCE JAN 1     13.57                     14.32  -0.75    14.60

SNOWFALL (IN)
  YESTERDAY        0.0           0.1  1983   0.0    0.0      0.0
  MONTH TO DATE    0.0                       0.0    0.0      0.0
  SINCE MAR 1      0.0                       0.9   -0.9       T
  SINCE JUL 1      3.7                       4.7   -1.0      7.2
  SNOW DEPTH       0

DEGREE DAYS
 HEATING
  YESTERDAY        0                         5     -5       14
  MONTH TO DATE   52                       124    -72      112
  SINCE MAR 1    356                       508   -152      589
  SINCE JUL 1   2970                      2957     13     3148

 COOLING
  YESTERDAY        4                         1      3        0
  MONTH TO DATE   48                        18     30       20
  SINCE MAR 1     54                        26     28       20
  SINCE JAN 1     54                        26     28       20
..................................................................


WIND (MPH)
  HIGHEST WIND SPEED    13   HIGHEST WIND DIRECTION     S (170)
  HIGHEST GUST SPEED    15   HIGHEST GUST DIRECTION    SE (150)
  AVERAGE WIND SPEED     4.0


SKY COVER
  POSSIBLE SUNSHINE  MM
  AVERAGE SKY COVER 0.7


WEATHER CONDITIONS
 THE FOLLOWING WEATHER WAS RECORDED YESTERDAY.
  LIGHT RAIN
  FOG


RELATIVE HUMIDITY (PERCENT)
 HIGHEST   100          1200 AM
 LOWEST     60           100 PM
 AVERAGE    80

..........................................................


THE GREENVILLE-SPARTANBURG SC CLIMATE NORMALS FOR TODAY
                         NORMAL    RECORD    YEAR
 MAXIMUM TEMPERATURE (F)   74        93      1917
 MINIMUM TEMPERATURE (F)   49        31      2001


SUNRISE AND SUNSET
APRIL 19 2015.........SUNRISE   652 AM EDT   SUNSET   804 PM EDT
APRIL 20 2015.........SUNRISE   651 AM EDT   SUNSET   805 PM EDT


-  INDICATES NEGATIVE NUMBERS.
R  INDICATES RECORD WAS SET OR TIED.
MM INDICATES DATA IS MISSING.
T  INDICATES TRACE AMOUNT.




$$
