000
CDUS44 KJAN 192114
CLIGWO


CLIMATE REPORT
NATIONAL WEATHER SERVICE JACKSON MS
411 PM CDT SUN APR 19 2015


...................................

...THE GREENWOOD CLIMATE SUMMARY FOR APRIL 19 2015...
VALID TODAY AS OF 0400 PM LOCAL TIME.

CLIMATE NORMAL PERIOD 1981 TO 2010
CLIMATE RECORD PERIOD 1948 TO 2015


WEATHER ITEM   OBSERVED TIME   RECORD YEAR NORMAL DEPARTURE LAST
                VALUE   (LST)  VALUE       VALUE  FROM      YEAR
                                                  NORMAL
..................................................................
TEMPERATURE (F)
 TODAY
  MAXIMUM         79    259 PM  91    2006  76      3       79
                                      1987
  MINIMUM         64    638 AM  36    1983  53     11       47
  AVERAGE         72                        64      8       63

PRECIPITATION (IN)
  TODAY            0.56          4.13 1982   0.17   0.39     0.00
  MONTH TO DATE    3.72                      3.28   0.44     6.59
  SINCE MAR 1      8.86                      7.59   1.27    10.67
  SINCE JAN 1     18.25                     16.53   1.72    16.95

SNOWFALL (IN)
  TODAY            0.0

DEGREE DAYS
 HEATING
  TODAY            0                         3     -3        2
  MONTH TO DATE   29                        97    -68      135
  SINCE MAR 1    302                       413   -111      573
  SINCE JUL 1   2823                      2644    179     3227

 COOLING
  TODAY            7                         3      4        0
  MONTH TO DATE   88                        39     49       30
  SINCE MAR 1     97                        60     37       34
  SINCE JAN 1     97                        65     32       34
..................................................................


WIND (MPH)
  HIGHEST WIND SPEED    20   HIGHEST WIND DIRECTION    SW (220)
  HIGHEST GUST SPEED    27   HIGHEST GUST DIRECTION     W (250)
  AVERAGE WIND SPEED     9.3


SKY COVER
  POSSIBLE SUNSHINE  MM
  AVERAGE SKY COVER 0.7


WEATHER CONDITIONS
 THE FOLLOWING WEATHER WAS RECORDED TODAY.
  THUNDERSTORM
  HEAVY RAIN
  RAIN
  LIGHT RAIN
  FOG


RELATIVE HUMIDITY (PERCENT)
 HIGHEST    93          1200 AM
 LOWEST     45           300 PM
 AVERAGE    69

..........................................................


THE GREENWOOD CLIMATE NORMALS FOR TOMORROW
                         NORMAL    RECORD    YEAR
 MAXIMUM TEMPERATURE (F)   76        92      1987
 MINIMUM TEMPERATURE (F)   53        37      2013


SUNRISE AND SUNSET
APRIL 19 2015.........SUNRISE   625 AM CDT   SUNSET   734 PM CDT
APRIL 20 2015.........SUNRISE   624 AM CDT   SUNSET   735 PM CDT


-  INDICATES NEGATIVE NUMBERS.
R  INDICATES RECORD WAS SET OR TIED.
MM INDICATES DATA IS MISSING.
T  INDICATES TRACE AMOUNT.




$$
