000
CDUS41 KGYX 240804
CLIGYX


CLIMATE REPORT
NATIONAL WEATHER SERVICE GRAY ME
404 AM EDT FRI APR 24 2015


...................................

...THE GRAY ME CLIMATE SUMMARY FOR APRIL 23 2015...

CLIMATE NORMAL PERIOD 1981 TO 2010
CLIMATE RECORD PERIOD 1995 TO 2015


WEATHER ITEM   OBSERVED TIME   RECORD YEAR NORMAL DEPARTURE LAST
                VALUE   (LST)  VALUE       VALUE  FROM      YEAR
                                                  NORMAL
..................................................................
TEMPERATURE (F)
 YESTERDAY
  MAXIMUM         51        MM  MM      MM  57     -6       55
  MINIMUM         33        MM  MM      MM  38     -5       43
  AVERAGE         42                        47     -5       49

PRECIPITATION (IN)
  YESTERDAY        0.09         MM      MM   0.14  -0.05     0.03
  MONTH TO DATE    3.38                      3.36   0.02     2.59
  SINCE MAR 1      4.90                      7.53  -2.63     6.47
  SINCE JAN 1     10.87                     14.37  -3.50    13.46

SNOWFALL (IN)
  YESTERDAY        T            MM      MM   0.1   -0.1      0.0
  MONTH TO DATE    3.0                       4.5   -1.5      1.2
  SINCE MAR 1      8.2                      24.4  -16.2      8.9
  SINCE JUL 1    107.3                      83.5   23.8     83.0
  SNOW DEPTH       0

DEGREE DAYS
 HEATING
  YESTERDAY       23                        18      5       16
  MONTH TO DATE  492                       510    -18      519
  SINCE MAR 1   1627                      1503    124     1745
  SINCE JUL 1   7103                      6661    442     7155

 COOLING
  YESTERDAY        0                         0      0        0
  MONTH TO DATE    0                         0      0        0
  SINCE MAR 1      0                         0      0        0
  SINCE JAN 1      0                         0      0        0
..................................................................







THE GRAY ME CLIMATE NORMALS FOR TODAY
                         NORMAL
 MAXIMUM TEMPERATURE (F)   57
 MINIMUM TEMPERATURE (F)   38


SUNRISE AND SUNSET
APRIL 24 2015.........SUNRISE   544 AM EDT   SUNSET   735 PM EDT
APRIL 25 2015.........SUNRISE   542 AM EDT   SUNSET   737 PM EDT


-  INDICATES NEGATIVE NUMBERS.
R  INDICATES RECORD WAS SET OR TIED.
MM INDICATES DATA IS MISSING.
T  INDICATES TRACE AMOUNT.




$$
