000
CDUS45 KTFX 260801
CLIHLN


CLIMATE REPORT
NATIONAL WEATHER SERVICE GREAT FALLS MT
200 AM MDT SUN APR 26 2015


...................................

...THE HELENA MT CLIMATE SUMMARY FOR APRIL 25 2015...

CLIMATE NORMAL PERIOD 1981 TO 2010
CLIMATE RECORD PERIOD 1866 TO 2015


WEATHER ITEM   OBSERVED TIME   RECORD YEAR NORMAL DEPARTURE LAST
                VALUE   (LST)  VALUE       VALUE  FROM      YEAR
                                                  NORMAL
..................................................................
TEMPERATURE (F)
 YESTERDAY
  MAXIMUM         56    248 PM  86    1910  61     -5       60
  MINIMUM         40    552 AM  19    1880  34      6       35
  AVERAGE         48                        48      0       48

PRECIPITATION (IN)
  YESTERDAY        0.00          0.98 1975   0.04  -0.04     0.45
  MONTH TO DATE    0.42                      0.79  -0.37     0.76
  SINCE OCT 1      3.87                      3.61   0.26     5.09
  SINCE JAN 1      1.59                      2.04  -0.45     4.09

SNOWFALL (IN)
  YESTERDAY        0.0           4.8  1961   0.1   -0.1      0.0
  MONTH TO DATE    T                         3.2   -3.2       T
  SINCE MAR 1      T                         9.4   -9.4      3.8
  SINCE JUL 1     24.3                      36.7  -12.4     41.8
  SNOW DEPTH       0

DEGREE DAYS
 HEATING
  YESTERDAY       17                        17      0       17
  MONTH TO DATE  493                       519    -26      470
  SINCE MAR 1   1114                      1410   -296     1398
  SINCE JUL 1   6122                      6971   -849     6914

 COOLING
  YESTERDAY        0                         0      0        0
  MONTH TO DATE    0                         0      0        0
  SINCE MAR 1      0                         0      0        0
  SINCE JAN 1      0                         0      0        0
..................................................................


WIND (MPH)
  HIGHEST WIND SPEED    20   HIGHEST WIND DIRECTION    NE (30)
  HIGHEST GUST SPEED    24   HIGHEST GUST DIRECTION    NE (50)
  AVERAGE WIND SPEED     6.8


SKY COVER
  AVERAGE SKY COVER 0.9


WEATHER CONDITIONS
 THE FOLLOWING WEATHER WAS RECORDED YESTERDAY.
  NO SIGNIFICANT WEATHER WAS OBSERVED.


RELATIVE HUMIDITY (PERCENT)
 HIGHEST    67           900 PM
 LOWEST     30          1200 PM
 AVERAGE    49

..........................................................


THE HELENA MT CLIMATE NORMALS FOR TODAY
                         NORMAL    RECORD    YEAR
 MAXIMUM TEMPERATURE (F)   61        84      1910
 MINIMUM TEMPERATURE (F)   35        21      1961


SUNRISE AND SUNSET
APRIL 26 2015.........SUNRISE   622 AM MDT   SUNSET   831 PM MDT
APRIL 27 2015.........SUNRISE   620 AM MDT   SUNSET   832 PM MDT


-  INDICATES NEGATIVE NUMBERS.
R  INDICATES RECORD WAS SET OR TIED.
MM INDICATES DATA IS MISSING.
T  INDICATES TRACE AMOUNT.




$$
