000
CDUS44 KHGX 031314
CLIHOU

CLIMATE REPORT
NATIONAL WEATHER SERVICE HOUSTON/GALVESTON TX
812 AM CDT SUN MAY 3 2015

...MORNING CLIMATE DATA...

                            MORNING LOW    PRECIP SINCE MIDNIGHT
HOUSTON INTERCONTINENTAL         57                0.00
GALVESTON SCHOLES FIELD          70                0.00
BRYAN/COLLEGE STATION            58                0.00
HOUSTON HOBBY                    60                0.00

     ...................................

...THE HOUSTON INTERCONTINENTAL CLIMATE SUMMARY FOR MAY 2 2015...

CLIMATE NORMAL PERIOD 1981 TO 2010
CLIMATE RECORD PERIOD 1892 TO 2015


WEATHER ITEM   OBSERVED TIME   RECORD YEAR NORMAL DEPARTURE LAST
                VALUE   (LST)  VALUE       VALUE  FROM      YEAR
                                                  NORMAL
..................................................................
TEMPERATURE (F)
 YESTERDAY
  MAXIMUM         83    105 PM  96    1964  83      0       81
  MINIMUM         57    514 AM  45    1976  64     -7       51
  AVERAGE         70                        74     -4       66

PRECIPITATION (IN)
  YESTERDAY        0.00          3.48 1944   0.15  -0.15     0.00
  MONTH TO DATE    0.00                      0.30  -0.30     0.00
  SINCE MAR 1     12.44                      7.02   5.42     4.01
  SINCE JAN 1     16.27                     13.60   2.67     7.36

SNOWFALL (IN)
  YESTERDAY        0.0          MM      MM
  MONTH TO DATE    0.0
  SINCE MAR 1      0.0
  SINCE JUL 1      0.0

DEGREE DAYS
 HEATING
  YESTERDAY        0                         0      0        0
  MONTH TO DATE    0                         0      0        3
  SINCE MAR 1    143                       178    -35      258
  SINCE JUL 1   1462                      1366     96     1738

 COOLING
  YESTERDAY        5                         9     -4        1
  MONTH TO DATE   11                        17     -6        1
  SINCE MAR 1    315                       260     55      214
  SINCE JAN 1    325                       298     27      248
..................................................................


WIND (MPH)
  HIGHEST WIND SPEED    18   HIGHEST WIND DIRECTION    SE (140)
  HIGHEST GUST SPEED    23   HIGHEST GUST DIRECTION    SE (140)




RELATIVE HUMIDITY (PERCENT)
 HIGHEST    93
 LOWEST     40
 AVERAGE    67

..........................................................


THE HOUSTON INTERCONTINENTAL CLIMATE NORMALS FOR TODAY
                         NORMAL    RECORD    YEAR
 MAXIMUM TEMPERATURE (F)   83        93      1890
 MINIMUM TEMPERATURE (F)   64        47      2013
                                             1978


SUNRISE AND SUNSET
MAY  3 2015...........SUNRISE   637 AM CDT   SUNSET   800 PM CDT
MAY  4 2015...........SUNRISE   636 AM CDT   SUNSET   801 PM CDT


-  INDICATES NEGATIVE NUMBERS.
R  INDICATES RECORD WAS SET OR TIED.
MM INDICATES DATA IS MISSING.
T  INDICATES TRACE AMOUNT.


&&

...................................

...THE HOUSTON/HOBBY AIRPORT CLIMATE SUMMARY FOR MAY 2 2015...

CLIMATE NORMAL PERIOD 1981 TO 2010
CLIMATE RECORD PERIOD 1930 TO 2015


WEATHER ITEM   OBSERVED TIME   RECORD YEAR NORMAL DEPARTURE LAST
                VALUE   (LST)  VALUE       VALUE  FROM      YEAR
                                                  NORMAL
..................................................................
TEMPERATURE (F)
 YESTERDAY
  MAXIMUM         83    241 PM  92    1964  82      1       80
  MINIMUM         59    555 AM  50    1976  65     -6       52
  AVERAGE         71                        74     -3       66

PRECIPITATION (IN)
  YESTERDAY        0.00          4.36 1944   0.14  -0.14     0.00
  MONTH TO DATE    0.00                      0.28  -0.28     0.00
  SINCE MAR 1     14.58                      6.73   7.85     3.85
  SINCE JAN 1     20.46                     13.81   6.65     6.47

SNOWFALL (IN)
  YESTERDAY        0.0          MM      MM
  MONTH TO DATE    0.0
  SINCE MAR 1      0.0
  SINCE JUL 1      0.0

DEGREE DAYS
 HEATING
  YESTERDAY        0                         0      0        0
  MONTH TO DATE    0                         0      0        1
  SINCE MAR 1    115                       149    -34      219
  SINCE JUL 1   1300                      1219     81     1546

 COOLING
  YESTERDAY        6                         9     -3        1
  MONTH TO DATE   11                        18     -7        1
  SINCE MAR 1    334                       260     74      216
  SINCE JAN 1    344                       298     46      255
..................................................................


WIND (MPH)
  HIGHEST WIND SPEED    16   HIGHEST WIND DIRECTION     S (170)
  HIGHEST GUST SPEED    33   HIGHEST GUST DIRECTION    SW (210)




RELATIVE HUMIDITY (PERCENT)
 HIGHEST    90
 LOWEST     39
 AVERAGE    65

..........................................................


THE HOUSTON/HOBBY AIRPORT CLIMATE NORMALS FOR TODAY
                         NORMAL    RECORD    YEAR
 MAXIMUM TEMPERATURE (F)   83        96      1984
 MINIMUM TEMPERATURE (F)   66        48      1978


SUNRISE AND SUNSET
MAY  3 2015...........SUNRISE   637 AM CDT   SUNSET   759 PM CDT
MAY  4 2015...........SUNRISE   636 AM CDT   SUNSET   800 PM CDT


-  INDICATES NEGATIVE NUMBERS.
R  INDICATES RECORD WAS SET OR TIED.
MM INDICATES DATA IS MISSING.
T  INDICATES TRACE AMOUNT.

...MISCELLANEOUS CLIMATE DATA FOR YESTERDAY...

LOCATION                        HIGH    LOW     PRECIP
PEARLAND                         83      59      0.00
SUGAR LAND                       83      56      0.00
TOMBALL                          83      57      0.00
CONROE                           82      52      0.00
HUNTSVILLE                       83      59      0.00
ANGLETON/LAKE JACKSON            79      54      0.00
PALACIOS                         79      60      0.00
LEAGUE CITY (NWS)                82      59      0.00


THIS PRODUCT...ALONG WITH OTHER WEATHER...HYDROLOGIC...AND CLIMATE
PRODUCTS...IS AVAILABLE ON THE WEB AT HTTP://WWW.SRH.NOAA.GOV/HGX
OR AT HTTP://WEATHER.GOV



$$
