000
CDUS44 KLZK 062107
CLIHRO


CLIMATE REPORT
NATIONAL WEATHER SERVICE LITTLE ROCK AR
406 PM CDT WED MAY 6 2015


...................................

...THE HARRISON CLIMATE SUMMARY FOR MAY 6 2015...
VALID TODAY AS OF 0400 PM LOCAL TIME.

CLIMATE NORMAL PERIOD 1981 TO 2010
CLIMATE RECORD PERIOD 1891 TO 2015


WEATHER ITEM   OBSERVED TIME   RECORD YEAR NORMAL DEPARTURE LAST
                VALUE   (LST)  VALUE       VALUE  FROM      YEAR
                                                  NORMAL
..................................................................
TEMPERATURE (F)
 TODAY
  MAXIMUM         78    258 PM  92    1940  74      4       84
  MINIMUM         64    448 AM  33    1911  53     11       54
  AVERAGE         71                        63      8       69

PRECIPITATION (IN)
  TODAY            0.01          2.60 1907   0.18  -0.17     0.00
  MONTH TO DATE    0.01                      1.03  -1.02     0.00
  SINCE MAR 1      8.71                      9.14  -0.43     8.99
  SINCE JAN 1     12.25                     14.34  -2.09    10.94

SNOWFALL (IN)
  TODAY            0.0          MM      MM   0.0    0.0      0.0
  MONTH TO DATE    0.0                       0.0    0.0      0.0
  SINCE MAR 1      4.3                       2.3    2.0     10.0
  SINCE JUL 1     13.6                      11.5    2.1     25.8
  SNOW DEPTH       0

DEGREE DAYS
 HEATING
  TODAY            0                         4     -4        0
  MONTH TO DATE   10                        24    -14       26
  SINCE MAR 1    713                       773    -60      857
  SINCE JUL 1   4108                      3945    163     4392

 COOLING
  TODAY            6                         2      4        4
  MONTH TO DATE   15                        12      3       28
  SINCE MAR 1     40                        49     -9       46
  SINCE JAN 1     40                        49     -9       46
..................................................................


WIND (MPH)
  HIGHEST WIND SPEED    18   HIGHEST WIND DIRECTION     S (170)
  HIGHEST GUST SPEED    27   HIGHEST GUST DIRECTION     S (170)
  AVERAGE WIND SPEED     9.6


SKY COVER
  POSSIBLE SUNSHINE  MM
  AVERAGE SKY COVER 0.7


WEATHER CONDITIONS
 THE FOLLOWING WEATHER WAS RECORDED TODAY.
  LIGHT RAIN


RELATIVE HUMIDITY (PERCENT)
 HIGHEST    78           700 AM
 LOWEST     54          1000 AM
 AVERAGE    66

..........................................................


THE HARRISON CLIMATE NORMALS FOR TOMORROW
                         NORMAL    RECORD    YEAR
 MAXIMUM TEMPERATURE (F)   74        91      1918
 MINIMUM TEMPERATURE (F)   53        29      1906


SUNRISE AND SUNSET
MAY  6 2015...........SUNRISE   615 AM CDT   SUNSET   804 PM CDT
MAY  7 2015...........SUNRISE   614 AM CDT   SUNSET   805 PM CDT


-  INDICATES NEGATIVE NUMBERS.
R  INDICATES RECORD WAS SET OR TIED.
MM INDICATES DATA IS MISSING.
T  INDICATES TRACE AMOUNT.




$$
