000
CDUS41 KRLX 280720
CLIHTS


CLIMATE REPORT
NATIONAL WEATHER SERVICE CHARLESTON WV
318 AM EDT TUE APR 28 2015


...................................

...THE HUNTINGTON WV CLIMATE SUMMARY FOR APRIL 27 2015...

CLIMATE NORMAL PERIOD 1981 TO 2010
CLIMATE RECORD PERIOD 1897 TO 2015


WEATHER ITEM   OBSERVED TIME   RECORD YEAR NORMAL DEPARTURE LAST
                VALUE   (LST)  VALUE       VALUE  FROM      YEAR
                                                  NORMAL
..................................................................
TEMPERATURE (F)
 YESTERDAY
  MAXIMUM         62    411 PM  92    1915  71     -9       79
  MINIMUM         38    601 AM  31    1926  48    -10       48
  AVERAGE         50                        60    -10       64

PRECIPITATION (IN)
  YESTERDAY        0.00          1.58 1912   0.13  -0.13     0.00
  MONTH TO DATE    7.38                      3.08   4.30     2.20
  SINCE JAN 1     19.15                     13.02   6.13    12.67

SNOWFALL (IN)
  YESTERDAY        0.0
  MONTH TO DATE    0.0
  SINCE SEP 1     36.6
  SNOW DEPTH       0

DEGREE DAYS
 HEATING
  YESTERDAY       15                         7      8        1
  MONTH TO DATE  234                       273    -39      199
  SINCE MAR 1    863                       869     -6      939
  SINCE JUL 1   4879                      4370    509     4700

 COOLING
  YESTERDAY        0                         1     -1        0
  MONTH TO DATE    9                        26    -17       14
  SINCE MAR 1      9                        31    -22       14
  SINCE JAN 1      9                        31    -22       14
..................................................................


WIND (MPH)
  HIGHEST WIND SPEED    15   HIGHEST WIND DIRECTION    NW (330)
  HIGHEST GUST SPEED    22   HIGHEST GUST DIRECTION     N (340)
  AVERAGE WIND SPEED     6.4


SKY COVER
  POSSIBLE SUNSHINE  MM


WEATHER CONDITIONS
 THE FOLLOWING WEATHER WAS RECORDED YESTERDAY.
  NO SIGNIFICANT WEATHER WAS OBSERVED.


RELATIVE HUMIDITY (PERCENT)
 HIGHEST    85           600 AM
 LOWEST     36           300 PM
 AVERAGE    61

..........................................................


THE HUNTINGTON WV CLIMATE NORMALS FOR TODAY
                         NORMAL    RECORD    YEAR
 MAXIMUM TEMPERATURE (F)   72        91      1957
 MINIMUM TEMPERATURE (F)   48        30      2004
                                             1967
                                             1934


SUNRISE AND SUNSET
APRIL 28 2015.........SUNRISE   637 AM EDT   SUNSET   819 PM EDT
APRIL 29 2015.........SUNRISE   636 AM EDT   SUNSET   820 PM EDT


-  INDICATES NEGATIVE NUMBERS.
R  INDICATES RECORD WAS SET OR TIED.
MM INDICATES DATA IS MISSING.
T  INDICATES TRACE AMOUNT.




$$
