000
CDUS43 KIND 180531
CLIHUF


CLIMATE REPORT
NATIONAL WEATHER SERVICE INDIANAPOLIS IN
130 AM EDT SAT APR 18 2015


...................................

...THE TERRE HAUTE IN CLIMATE SUMMARY FOR APRIL 17 2015...

CLIMATE NORMAL PERIOD 1981 TO 2010
CLIMATE RECORD PERIOD 9999 TO 9999


WEATHER ITEM   OBSERVED TIME   NORMAL DEPARTURE LAST
                VALUE   (LST)  VALUE  FROM      YEAR
                                      NORMAL
......................................................
TEMPERATURE (F)
 YESTERDAY
  MAXIMUM         77    514 PM  65     12       66
  MINIMUM         48    625 AM  43      5       37
  AVERAGE         63            54      9       52

PRECIPITATION (IN)
  YESTERDAY        0.00          0.13  -0.13     0.00
  MONTH TO DATE    3.29          1.82   1.47     4.65
  SINCE MAR 1      6.69          5.19   1.50     6.40
  SINCE JAN 1      9.59          9.48   0.11    10.43

DEGREE DAYS
 HEATING
  YESTERDAY        2            12    -10       13
  MONTH TO DATE  145           241    -96      237
  SINCE MAR 1    948           932     16     1099
  SINCE JUL 1   5582          5095    487     5834

 COOLING
  YESTERDAY        0             0      0        0
  MONTH TO DATE    6             3      3        3
  SINCE MAR 1      6             4      2        3
  SINCE JAN 1      6             4      2        3
......................................................


WIND (MPH)
  HIGHEST WIND SPEED     9   HIGHEST WIND DIRECTION     E (90)
  HIGHEST GUST SPEED    12   HIGHEST GUST DIRECTION     E (100)
  AVERAGE WIND SPEED     1.2


SKY COVER
  AVERAGE SKY COVER 0.3


WEATHER CONDITIONS
 THE FOLLOWING WEATHER WAS RECORDED YESTERDAY.
  FOG
  FOG W/VISIBILITY <= 1/4 MILE


RELATIVE HUMIDITY (PERCENT)
 HIGHEST   100          1200 AM
 LOWEST     33           400 PM
 AVERAGE    67

..........................................................


THE TERRE HAUTE IN CLIMATE NORMALS FOR TODAY
                         NORMAL
 MAXIMUM TEMPERATURE (F)   65
 MINIMUM TEMPERATURE (F)   43


SUNRISE AND SUNSET
APRIL 18 2015.........SUNRISE   708 AM EDT   SUNSET   830 PM EDT
APRIL 19 2015.........SUNRISE   707 AM EDT   SUNSET   831 PM EDT


-  INDICATES NEGATIVE NUMBERS.
R  INDICATES RECORD WAS SET OR TIED.
MM INDICATES DATA IS MISSING.
T  INDICATES TRACE AMOUNT.




$$
