000
CDUS45 KTFX 030831
CLIHVR


CLIMATE REPORT
NATIONAL WEATHER SERVICE GREAT FALLS MT
231 AM MDT SUN MAY 3 2015


...................................

...THE HAVRE MT CLIMATE SUMMARY FOR MAY 2 2015...

CLIMATE NORMAL PERIOD 1981 TO 2010
CLIMATE RECORD PERIOD 1880 TO 2015


WEATHER ITEM   OBSERVED TIME   RECORD YEAR NORMAL DEPARTURE LAST
                VALUE   (LST)  VALUE       VALUE  FROM      YEAR
                                                  NORMAL
..................................................................
TEMPERATURE (F)
 YESTERDAY
  MAXIMUM         65   1247 PM  88    1957  64      1       58
  MINIMUM         35    525 AM  14    2005  35      0       40
                                      1954
  AVERAGE         50                        50      0       49

PRECIPITATION (IN)
  YESTERDAY        0.00          2.48 1899   0.04  -0.04     0.22
  MONTH TO DATE    0.00                      0.08  -0.08     0.22
  SINCE OCT 1      4.06                      3.48   0.58     4.95
  SINCE JAN 1      2.49                      2.07   0.42     2.94

SNOWFALL (IN)
  YESTERDAY        0.0          24.8  1899   0.0    0.0      0.0
  MONTH TO DATE    0.0                       0.1   -0.1      0.0
  SINCE MAR 1      0.2                       9.4   -9.2      7.0
  SINCE JUL 1     20.8                      37.3  -16.5     44.4
  SNOW DEPTH       0

DEGREE DAYS
 HEATING
  YESTERDAY       15                        16     -1       16
  MONTH TO DATE   22                        32    -10       27
  SINCE MAR 1   1362                      1649   -287     1799
  SINCE JUL 1   7030                      7769   -739     8040

 COOLING
  YESTERDAY        0                         0      0        0
  MONTH TO DATE    0                         0      0        0
  SINCE MAR 1      0                         1     -1        0
  SINCE JAN 1      0                         1     -1        0
..................................................................


WIND (MPH)
  HIGHEST WIND SPEED    24   HIGHEST WIND DIRECTION     N (360)
  HIGHEST GUST SPEED    30   HIGHEST GUST DIRECTION     N (350)
  AVERAGE WIND SPEED     9.7


SKY COVER
  AVERAGE SKY COVER 0.3


WEATHER CONDITIONS
 THE FOLLOWING WEATHER WAS RECORDED YESTERDAY.
  NO SIGNIFICANT WEATHER WAS OBSERVED.


RELATIVE HUMIDITY (PERCENT)
 HIGHEST    76           600 AM
 LOWEST     32           500 PM
 AVERAGE    54

..........................................................


THE HAVRE MT CLIMATE NORMALS FOR TODAY
                         NORMAL    RECORD    YEAR
 MAXIMUM TEMPERATURE (F)   64        90      1998
 MINIMUM TEMPERATURE (F)   36        15      1899


SUNRISE AND SUNSET
MAY  3 2015...........SUNRISE   556 AM MDT   SUNSET   836 PM MDT
MAY  4 2015...........SUNRISE   555 AM MDT   SUNSET   838 PM MDT


-  INDICATES NEGATIVE NUMBERS.
R  INDICATES RECORD WAS SET OR TIED.
MM INDICATES DATA IS MISSING.
T  INDICATES TRACE AMOUNT.




$$
