000
CDUS41 KLWX 190522
CLIIAD


CLIMATE REPORT
NATIONAL WEATHER SERVICE BALTIMORE MD/WASHINGTON DC
122 AM EDT SUN APR 19 2015


...................................

...THE WASHINGTON DULLES DC CLIMATE SUMMARY FOR APRIL 18 2015...

CLIMATE NORMAL PERIOD 1981 TO 2010
CLIMATE RECORD PERIOD 1962 TO 2015


WEATHER ITEM   OBSERVED TIME   RECORD YEAR NORMAL DEPARTURE LAST
                VALUE   (LST)  VALUE       VALUE  FROM      YEAR
                                                  NORMAL
..................................................................
TEMPERATURE (F)
 YESTERDAY
  MAXIMUM         80    343 PM  90    1976  68     12       56
  MINIMUM         50    451 AM  30    2014  43      7       30
  AVERAGE         65                        55     10       43

PRECIPITATION (IN)
  YESTERDAY        0.00          0.59 1978   0.10  -0.10     0.00
  MONTH TO DATE    1.06                      2.09  -1.03     1.68
  SINCE MAR 1      4.98                      5.47  -0.49     5.78
  SINCE JAN 1     10.00                     10.89  -0.89    12.28

SNOWFALL (IN)
  YESTERDAY        0.0           0.0  2002   0.0    0.0
                                      2001
  MONTH TO DATE    0.0                       0.3   -0.3
  SINCE JUL 1     36.9                      22.0   14.9
  SNOW DEPTH       0

DEGREE DAYS
 HEATING
  YESTERDAY        0                        10    -10       22
  MONTH TO DATE  171                       233    -62      244
  SINCE MAR 1    932                       880     52     1093
  SINCE JUL 1   4933                      4470    463     4924

 COOLING
  YESTERDAY        0                         1     -1        0
  MONTH TO DATE    2                         6     -4       11
  SINCE MAR 1      2                         9     -7       11
  SINCE JAN 1      2                         9     -7       11
..................................................................


WIND (MPH)
  HIGHEST WIND SPEED    13   HIGHEST WIND DIRECTION    NW (300)
  HIGHEST GUST SPEED    24   HIGHEST GUST DIRECTION    SW (220)
  AVERAGE WIND SPEED     3.3


SKY COVER
  POSSIBLE SUNSHINE  MM
  AVERAGE SKY COVER 0.5


WEATHER CONDITIONS
 THE FOLLOWING WEATHER WAS RECORDED YESTERDAY.
  NO SIGNIFICANT WEATHER WAS OBSERVED.


RELATIVE HUMIDITY (PERCENT)
 HIGHEST    96           600 AM
 LOWEST     28           400 PM
 AVERAGE    62

..........................................................


THE WASHINGTON DULLES DC CLIMATE NORMALS FOR TODAY
                         NORMAL    RECORD    YEAR
 MAXIMUM TEMPERATURE (F)   68        91      2002
 MINIMUM TEMPERATURE (F)   43        27      2001
                                             1990


SUNRISE AND SUNSET
APRIL 19 2015.........SUNRISE   628 AM EDT   SUNSET   751 PM EDT
APRIL 20 2015.........SUNRISE   627 AM EDT   SUNSET   752 PM EDT


-  INDICATES NEGATIVE NUMBERS.
R  INDICATES RECORD WAS SET OR TIED.
MM INDICATES DATA IS MISSING.
T  INDICATES TRACE AMOUNT.




$$
