000
CDUS45 KPIH 262321
CLIIDA


CLIMATE REPORT
NATIONAL WEATHER SERVICE POCATELLO ID
521 PM MDT SUN APR 26 2015


...................................

...THE IDAHO FALLS ID CLIMATE SUMMARY FOR APRIL 26 2015...
VALID TODAY AS OF 0500 PM LOCAL TIME.

CLIMATE NORMAL PERIOD 1981 TO 2010
CLIMATE RECORD PERIOD 1948 TO 2015


WEATHER ITEM   OBSERVED TIME   RECORD YEAR NORMAL DEPARTURE LAST
                VALUE   (LST)  VALUE       VALUE  FROM      YEAR
                                                  NORMAL
..................................................................
TEMPERATURE (F)
 TODAY
  MAXIMUM         53    313 PM  82    1992  61     -8       46
  MINIMUM         34    838 AM  21    2008  34      0       37
  AVERAGE         44                        47     -3       42

PRECIPITATION (IN)
  TODAY            0.06          0.58 1971   0.05   0.01     0.34
  MONTH TO DATE    0.38                      0.94  -0.56     0.92
  SINCE OCT 1      2.36                      5.72  -3.36     4.51
  SINCE JAN 1      0.90                      3.15  -2.25     3.21

SNOWFALL (IN)
  TODAY           MM
  MONTH TO DATE   MM
  SINCE MAR 1     MM
  SINCE JUL 1     MM
  SNOW DEPTH      MM

DEGREE DAYS
 HEATING
  TODAY           21                        18      3       23
  MONTH TO DATE  526                       542    -16      509
  SINCE MAR 1   1218                      1444   -226     1301
  SINCE JUL 1   6036                      7246  -1210     6818

 COOLING
  TODAY            0                         0      0        0
  MONTH TO DATE    0                         0      0        0
  SINCE MAR 1      0                         0      0        0
  SINCE JAN 1      0                         0      0        0
..................................................................


WIND (MPH)
  HIGHEST WIND SPEED    23   HIGHEST WIND DIRECTION    SW (210)
  HIGHEST GUST SPEED    27   HIGHEST GUST DIRECTION    SW (210)
  AVERAGE WIND SPEED    15.3


SKY COVER
  POSSIBLE SUNSHINE  MM
  AVERAGE SKY COVER 1.0


WEATHER CONDITIONS
 THE FOLLOWING WEATHER WAS RECORDED TODAY.
  LIGHT RAIN
  LIGHT SNOW
  FOG


RELATIVE HUMIDITY (PERCENT)
 HIGHEST    92           300 AM
 LOWEST     50           400 PM
 AVERAGE    71

..........................................................


THE IDAHO FALLS ID CLIMATE NORMALS FOR TOMORROW
                         NORMAL    RECORD    YEAR
 MAXIMUM TEMPERATURE (F)   61        82      1987
 MINIMUM TEMPERATURE (F)   34        15      1976


SUNRISE AND SUNSET
APRIL 26 2015.........SUNRISE   629 AM MDT   SUNSET   824 PM MDT
APRIL 27 2015.........SUNRISE   627 AM MDT   SUNSET   826 PM MDT


-  INDICATES NEGATIVE NUMBERS.
R  INDICATES RECORD WAS SET OR TIED.
MM INDICATES DATA IS MISSING.
T  INDICATES TRACE AMOUNT.




$$
