000
CDUS43 KUNR 200838
CLIIEN


CLIMATE REPORT
NATIONAL WEATHER SERVICE RAPID CITY SD
237 AM MDT MON APR 20 2015


...................................

...THE PINE RIDGE SD CLIMATE SUMMARY FOR APRIL 19 2015...

CLIMATE NORMAL PERIOD 1981 TO 2010
CLIMATE RECORD PERIOD 9999 TO 9999


WEATHER ITEM   OBSERVED TIME   NORMAL DEPARTURE LAST
                VALUE   (LST)  VALUE  FROM      YEAR
                                      NORMAL
......................................................
TEMPERATURE (F)
 YESTERDAY
  MAXIMUM         53    124 PM  61     -8       65
  MINIMUM         28   1159 PM  32     -4       37
  AVERAGE         41            46     -5       51

PRECIPITATION (IN)
  YESTERDAY        0.02          0.08  -0.06     0.00
  MONTH TO DATE    1.66          1.12   0.54     0.78
  SINCE MAR 1      1.84          1.99  -0.15     1.12
  SINCE JAN 1      2.30          2.78  -0.48     1.39

DEGREE DAYS
 HEATING
  YESTERDAY       24            19      5       14
  MONTH TO DATE  395           400     -5      456
  SINCE MAR 1   1102          1288   -186     1389
  SINCE JUL 1   6312          6638   -326     6871

 COOLING
  YESTERDAY        0             0      0        0
  MONTH TO DATE    0             0      0        0
  SINCE MAR 1      0             0      0        0
  SINCE JAN 1      0             0      0        0
......................................................


WIND (MPH)
  HIGHEST WIND SPEED    30   HIGHEST WIND DIRECTION    NW (320)
  HIGHEST GUST SPEED    40   HIGHEST GUST DIRECTION    NW (330)
  AVERAGE WIND SPEED    14.3


SKY COVER
  AVERAGE SKY COVER 0.4


WEATHER CONDITIONS
 THE FOLLOWING WEATHER WAS RECORDED YESTERDAY.
  RAIN
  LIGHT RAIN
  FOG


RELATIVE HUMIDITY (PERCENT)
 HIGHEST    70           300 AM
 LOWEST     29           500 PM
 AVERAGE    50

..........................................................




SUNRISE AND SUNSET
APRIL 20 2015.........SUNRISE   601 AM MDT   SUNSET   738 PM MDT
APRIL 21 2015.........SUNRISE   559 AM MDT   SUNSET   739 PM MDT


-  INDICATES NEGATIVE NUMBERS.
R  INDICATES RECORD WAS SET OR TIED.
MM INDICATES DATA IS MISSING.
T  INDICATES TRACE AMOUNT.




$$
