000
CDUS43 KILX 030639
CLIILX


CLIMATE REPORT
NATIONAL WEATHER SERVICE LINCOLN IL
138 AM CDT SUN MAY 3 2015


...................................

...THE LINCOLN IL CLIMATE SUMMARY FOR MAY 2 2015...

CLIMATE NORMAL PERIOD 1981 TO 2010
CLIMATE RECORD PERIOD 1905 TO 2015


WEATHER ITEM   OBSERVED TIME   RECORD YEAR NORMAL DEPARTURE LAST
                VALUE   (LST)  VALUE       VALUE  FROM      YEAR
                                                  NORMAL
..................................................................
TEMPERATURE (F)
 YESTERDAY
  MAXIMUM         75        MM  90    1959  70      5       57
  MINIMUM         47        MM  28    1966  47      0       46
  AVERAGE         61                        58      3       52

PRECIPITATION (IN)
  YESTERDAY        0.00          1.93 1929   0.13  -0.13      T
  MONTH TO DATE    0.00                      0.26  -0.26      T
  SINCE MAR 1      3.79                      6.47  -2.68     4.88
  SINCE JAN 1      6.55                     10.22  -3.67     9.54

SNOWFALL (IN)
  YESTERDAY        0.0           T    1929   0.0    0.0      0.0
  MONTH TO DATE    0.0                       0.0    0.0      0.0
  SINCE MAR 1      3.7                       2.0    1.7      4.7
  SINCE JUL 1     21.9                      20.5    1.4     46.3
  SNOW DEPTH       0

DEGREE DAYS
 HEATING
  YESTERDAY        4                         7     -3       13
  MONTH TO DATE   18                        15      3       30
  SINCE MAR 1   1170                      1147     23     1319
  SINCE JUL 1   6107                      5570    537     6563

 COOLING
  YESTERDAY        0                         1     -1        0
  MONTH TO DATE    0                         2     -2        0
  SINCE MAR 1      1                        17    -16        1
  SINCE JAN 1      1                        17    -16        1
..................................................................


WIND (MPH)
  HIGHEST WIND SPEED    MM   HIGHEST WIND DIRECTION    MM
  HIGHEST GUST SPEED    MM   HIGHEST GUST DIRECTION    MM
  AVERAGE WIND SPEED    MM


SKY COVER
  POSSIBLE SUNSHINE  MM


WEATHER CONDITIONS
 THE FOLLOWING WEATHER WAS RECORDED YESTERDAY.
  NO SIGNIFICANT WEATHER WAS OBSERVED.


..........................................................


THE LINCOLN IL CLIMATE NORMALS FOR TODAY
                         NORMAL    RECORD    YEAR
 MAXIMUM TEMPERATURE (F)   70        90      1949
 MINIMUM TEMPERATURE (F)   47        25      2005


SUNRISE AND SUNSET
MAY  3 2015...........SUNRISE   555 AM CDT   SUNSET   754 PM CDT
MAY  4 2015...........SUNRISE   554 AM CDT   SUNSET   755 PM CDT


-  INDICATES NEGATIVE NUMBERS.
R  INDICATES RECORD WAS SET OR TIED.
MM INDICATES DATA IS MISSING.
T  INDICATES TRACE AMOUNT.




$$
