000
CDUS43 KIND 190530
CLIIND


CLIMATE REPORT
NATIONAL WEATHER SERVICE INDIANAPOLIS IN
130 AM EDT SUN APR 19 2015


...................................

...THE INDIANAPOLIS IN CLIMATE SUMMARY FOR APRIL 18 2015...

CLIMATE NORMAL PERIOD 1981 TO 2010
CLIMATE RECORD PERIOD 1871 TO 2015


WEATHER ITEM   OBSERVED TIME   RECORD YEAR NORMAL DEPARTURE LAST
                VALUE   (LST)  VALUE       VALUE  FROM      YEAR
                                                  NORMAL
..................................................................
TEMPERATURE (F)
 YESTERDAY
  MAXIMUM         76    145 PM  87    1977  64     12       70
  MINIMUM         51    645 AM  19    1875  44      7       41
  AVERAGE         64                        54     10       56

PRECIPITATION (IN)
  YESTERDAY        0.00          2.29 2013   0.13  -0.13     0.00
  MONTH TO DATE    2.05                      2.22  -0.17     4.09
  SINCE MAR 1      5.58                      5.78  -0.20     6.47
  SINCE JAN 1      8.73                     10.76  -2.03    11.26

SNOWFALL (IN)
  YESTERDAY        0.0           1.2  1901   0.0    0.0      0.0
  MONTH TO DATE    T                         0.2   -0.2      0.3
  SINCE MAR 1      5.9                       2.8    3.1      3.4
  SINCE JUL 1     25.6                      25.9   -0.3     55.7
  SNOW DEPTH       0

DEGREE DAYS
 HEATING
  YESTERDAY        1                        12    -11        9
  MONTH TO DATE  139                       256   -117      263
  SINCE MAR 1    929                       963    -34     1162
  SINCE JUL 1   5655                      5106    549     5959

 COOLING
  YESTERDAY        0                         1     -1        0
  MONTH TO DATE    6                         1      5        4
  SINCE MAR 1      6                         3      3        4
  SINCE JAN 1      6                         3      3        4
..................................................................


WIND (MPH)
  HIGHEST WIND SPEED    13   HIGHEST WIND DIRECTION    NE (60)
  HIGHEST GUST SPEED    17   HIGHEST GUST DIRECTION    NE (50)
  AVERAGE WIND SPEED     5.1


SKY COVER
  AVERAGE SKY COVER 0.6


WEATHER CONDITIONS
 THE FOLLOWING WEATHER WAS RECORDED YESTERDAY.
  HAZE


RELATIVE HUMIDITY (PERCENT)
 HIGHEST    77           600 AM
 LOWEST     31           100 PM
 AVERAGE    54

..........................................................


THE INDIANAPOLIS IN CLIMATE NORMALS FOR TODAY
                         NORMAL    RECORD    YEAR
 MAXIMUM TEMPERATURE (F)   65        85      2002
 MINIMUM TEMPERATURE (F)   44        23      1983


SUNRISE AND SUNSET
APRIL 19 2015.........SUNRISE   702 AM EDT   SUNSET   827 PM EDT
APRIL 20 2015.........SUNRISE   701 AM EDT   SUNSET   828 PM EDT


-  INDICATES NEGATIVE NUMBERS.
R  INDICATES RECORD WAS SET OR TIED.
MM INDICATES DATA IS MISSING.
T  INDICATES TRACE AMOUNT.




$$
