000
CDUS41 KCTP 070658
CLIIPT


CLIMATE REPORT
NATIONAL WEATHER SERVICE STATE COLLEGE PA
258 AM EDT THU MAY 7 2015


...................................

...THE WILLIAMSPORT PA CLIMATE SUMMARY FOR MAY 6 2015...

CLIMATE NORMAL PERIOD 1981 TO 2010
CLIMATE RECORD PERIOD 1895 TO 2015


WEATHER ITEM   OBSERVED TIME   RECORD YEAR NORMAL DEPARTURE LAST
                VALUE   (LST)  VALUE       VALUE  FROM      YEAR
                                                  NORMAL
..................................................................
TEMPERATURE (F)
 YESTERDAY
  MAXIMUM         63    523 PM  95    1949  69     -6       70
  MINIMUM         55   1159 PM  33    1968  45     10       41
  AVERAGE         59                        57      2       56

PRECIPITATION (IN)
  YESTERDAY        0.20          1.11 1938   0.12   0.08     0.00
  MONTH TO DATE    0.20                      0.67  -0.47     0.18
  SINCE MAR 1      6.76                      6.88  -0.12     5.94
  SINCE JAN 1      9.55                     11.92  -2.37     9.74

SNOWFALL (IN)
  YESTERDAY        0.0           T    1970   0.0    0.0      0.0
  MONTH TO DATE    0.0                       0.0    0.0      0.0
  SINCE MAR 1     11.4                       8.0    3.4      0.1
  SINCE JUL 1     44.4                      36.0    8.4     45.9
  SNOW DEPTH       0

DEGREE DAYS
 HEATING
  YESTERDAY        6                         9     -3        9
  MONTH TO DATE   21                        57    -36       64
  SINCE MAR 1   1445                      1345    100     1547
  SINCE JUL 1   6082                      5812    270     6379

 COOLING
  YESTERDAY        0                         1     -1        0
  MONTH TO DATE    6                         1      5        0
  SINCE MAR 1      6                         6      0        9
  SINCE JAN 1      6                         6      0        9
..................................................................


WIND (MPH)
  HIGHEST WIND SPEED    12   HIGHEST WIND DIRECTION     E (80)
  HIGHEST GUST SPEED    14   HIGHEST GUST DIRECTION     E (90)
  AVERAGE WIND SPEED     3.0


SKY COVER
  POSSIBLE SUNSHINE  MM
  AVERAGE SKY COVER 0.9


WEATHER CONDITIONS
 THE FOLLOWING WEATHER WAS RECORDED YESTERDAY.
  RAIN
  LIGHT RAIN
  FOG


RELATIVE HUMIDITY (PERCENT)
 HIGHEST    93           400 AM
 LOWEST     72           300 PM
 AVERAGE    83

..........................................................


THE WILLIAMSPORT PA CLIMATE NORMALS FOR TODAY
                         NORMAL    RECORD    YEAR
 MAXIMUM TEMPERATURE (F)   69        94      1930
 MINIMUM TEMPERATURE (F)   45        30      1968


SUNRISE AND SUNSET
MAY  7 2015...........SUNRISE   558 AM EDT   SUNSET   811 PM EDT
MAY  8 2015...........SUNRISE   557 AM EDT   SUNSET   812 PM EDT


-  INDICATES NEGATIVE NUMBERS.
R  INDICATES RECORD WAS SET OR TIED.
MM INDICATES DATA IS MISSING.
T  INDICATES TRACE AMOUNT.




$$
