000
CDHW43 PHFO 050245
CLIITO


CLIMATE REPORT
NATIONAL WEATHER SERVICE HONOLULU HI
445 PM HST MON MAY 4 2015


...................................

...THE HILO HI CLIMATE SUMMARY FOR MAY 4 2015...
VALID TODAY AS OF 0400 PM LOCAL TIME.

CLIMATE NORMAL PERIOD 1981 TO 2010
CLIMATE RECORD PERIOD 1946 TO 2015


WEATHER ITEM   OBSERVED TIME   RECORD YEAR NORMAL DEPARTURE LAST
                VALUE   (LST)  VALUE       VALUE  FROM      YEAR
                                                  NORMAL
..................................................................
TEMPERATURE (F)
 TODAY
  MAXIMUM         80   1256 PM  85    2005  80      0       83
                                      2003
                                      1967
  MINIMUM         66    220 AM  61    2006  66      0       66
  AVERAGE         73                        73      0       75

PRECIPITATION (IN)
  TODAY            0.18          5.24 1965   0.32  -0.14     0.01
  MONTH TO DATE    1.64                      1.29   0.35     4.04
  SINCE MAR 1     24.87                     26.26  -1.39    36.14
  SINCE JAN 1     32.96                     45.08 -12.12    44.37

SNOWFALL (IN)
  TODAY            0.0
  MONTH TO DATE    0.0
  SINCE MAR 1      0.0
  SINCE JUL 1      0.0
  SNOW DEPTH       0

DEGREE DAYS
 HEATING
  TODAY            0                         0      0        0
  MONTH TO DATE    0                         0      0        0
  SINCE MAR 1      0                         0      0        0
  SINCE JUL 1      0                         0      0        0

 COOLING
  TODAY            8                         8      0       10
  MONTH TO DATE   32                        32      0       38
  SINCE MAR 1    560                       459    101      529
  SINCE JAN 1   1086                       829    257      987
..................................................................


WIND (MPH)
  HIGHEST WIND SPEED    22   HIGHEST WIND DIRECTION     E (80)
  HIGHEST GUST SPEED    26   HIGHEST GUST DIRECTION     E (80)
  AVERAGE WIND SPEED     7.3


SKY COVER
  POSSIBLE SUNSHINE  MM
  AVERAGE SKY COVER 0.9


WEATHER CONDITIONS
 THE FOLLOWING WEATHER WAS RECORDED TODAY.
  RAIN
  LIGHT RAIN
  FOG


RELATIVE HUMIDITY (PERCENT)
 HIGHEST    93           200 AM
 LOWEST     62          1200 PM
 AVERAGE    78

..........................................................


THE HILO HI CLIMATE NORMALS FOR TOMORROW
                         NORMAL    RECORD    YEAR
 MAXIMUM TEMPERATURE (F)   80        87      1995
 MINIMUM TEMPERATURE (F)   66        60      1971


SUNRISE AND SUNSET
MAY  4 2015...........SUNRISE   550 AM HST   SUNSET   645 PM HST
MAY  5 2015...........SUNRISE   549 AM HST   SUNSET   645 PM HST


-  INDICATES NEGATIVE NUMBERS.
R  INDICATES RECORD WAS SET OR TIED.
MM INDICATES DATA IS MISSING.
T  INDICATES TRACE AMOUNT.




$$
