000
CDUS44 KJAN 062112
CLIJAN


CLIMATE REPORT
NATIONAL WEATHER SERVICE JACKSON MS
411 PM CDT WED MAY 6 2015


...................................

...THE JACKSON CLIMATE SUMMARY FOR MAY 6 2015...
VALID TODAY AS OF 0400 PM LOCAL TIME.

CLIMATE NORMAL PERIOD 1981 TO 2010
CLIMATE RECORD PERIOD 1896 TO 2015


WEATHER ITEM   OBSERVED TIME   RECORD YEAR NORMAL DEPARTURE LAST
                VALUE   (LST)  VALUE       VALUE  FROM      YEAR
                                                  NORMAL
..................................................................
TEMPERATURE (F)
 TODAY
  MAXIMUM         85    245 PM  96    1952  81      4       83
  MINIMUM         57    428 AM  43    1957  59     -2       54
  AVERAGE         71                        70      1       69

PRECIPITATION (IN)
  TODAY            0.00          2.44 1935   0.15  -0.15     0.00
  MONTH TO DATE    0.00                      0.85  -0.85     0.00
  SINCE MAR 1     11.02                     10.85   0.17    18.17
  SINCE JAN 1     21.22                     20.58   0.64    25.22

SNOWFALL (IN)
  TODAY            0.0           0.0    MM   0.0    0.0      0.0
  MONTH TO DATE    0.0                       0.0    0.0      0.0
  SINCE MAR 1      0.3                       0.1    0.2       T
  SINCE JUL 1      0.3                       0.8   -0.5      0.8

DEGREE DAYS
 HEATING
  TODAY            0                         1     -1        0
  MONTH TO DATE    2                         6     -4       11
  SINCE MAR 1    227                       393   -166      469
  SINCE JUL 1   2353                      2385    -32     2735

 COOLING
  TODAY            6                         5      1        4
  MONTH TO DATE   20                        29     -9       15
  SINCE MAR 1    196                       137     59       98
  SINCE JAN 1    196                       147     49      104
..................................................................


WIND (MPH)
  HIGHEST WIND SPEED    15   HIGHEST WIND DIRECTION    SE (150)
  HIGHEST GUST SPEED    22   HIGHEST GUST DIRECTION     S (160)
  AVERAGE WIND SPEED     5.5


SKY COVER
  POSSIBLE SUNSHINE  MM
  AVERAGE SKY COVER 0.2


WEATHER CONDITIONS
 THE FOLLOWING WEATHER WAS RECORDED TODAY.
  NO SIGNIFICANT WEATHER WAS OBSERVED.


RELATIVE HUMIDITY (PERCENT)
 HIGHEST    90           200 AM
 LOWEST     43           100 PM
 AVERAGE    67

..........................................................


THE JACKSON CLIMATE NORMALS FOR TOMORROW
                         NORMAL    RECORD    YEAR
 MAXIMUM TEMPERATURE (F)   81        94      1952
 MINIMUM TEMPERATURE (F)   59        44      1944


SUNRISE AND SUNSET
MAY  6 2015...........SUNRISE   610 AM CDT   SUNSET   745 PM CDT
MAY  7 2015...........SUNRISE   609 AM CDT   SUNSET   746 PM CDT


-  INDICATES NEGATIVE NUMBERS.
R  INDICATES RECORD WAS SET OR TIED.
MM INDICATES DATA IS MISSING.
T  INDICATES TRACE AMOUNT.

&&

AT 4 PM:

THE PEARL RIVER STAGE AT JACKSON WAS 4.6 FEET. THE RIVER HAS
RISEN 0.7 FEET OVER THE PAST 24 HOURS.

THE MISSISSIPPI RIVER STAGE AT VICKSBURG WAS 40.1 FEET. THE RIVER
HAS FALLEN 0.7 FEET OVER THE PAST 24 HOURS.

THE AIR QUALITY INDEX AT JACKSON WAS 34...WHICH IS GOOD.


$$
