000
CDUS42 KJAX 042132
CLIJAX


CLIMATE REPORT
NATIONAL WEATHER SERVICE JACKSONVILLE FL
532 PM EDT MON MAY 4 2015


...................................

...THE JACKSONVILLE CLIMATE SUMMARY FOR MAY 4 2015...
VALID TODAY AS OF 0500 PM LOCAL TIME.

CLIMATE NORMAL PERIOD 1981 TO 2010
CLIMATE RECORD PERIOD 1871 TO 2015


WEATHER ITEM   OBSERVED TIME   RECORD YEAR NORMAL DEPARTURE LAST
                VALUE   (LST)  VALUE       VALUE  FROM      YEAR
                                                  NORMAL
..................................................................
TEMPERATURE (F)
 TODAY
  MAXIMUM         80    203 PM  93    2006  83     -3       85
  MINIMUM         54    535 AM  45    1971  59     -5       52
  AVERAGE         67                        71     -4       69

PRECIPITATION (IN)
  TODAY            0.00          4.21 1978   0.06  -0.06     0.00
  MONTH TO DATE    0.00                      0.24  -0.24     1.44
  SINCE MAR 1      4.96                      6.83  -1.87    12.08
  SINCE JAN 1     11.36                     13.32  -1.96    21.79

SNOWFALL (IN)
  TODAY            0.0           0.0  2002   0.0    0.0      0.0
                                      2001
  MONTH TO DATE    0.0                       0.0    0.0      0.0
  SINCE MAR 1      0.0                       T      0.0      0.0
  SINCE JUL 1      T                         T      0.0      0.0
  SNOW DEPTH       0

DEGREE DAYS
 HEATING
  TODAY            0                         0      0        0
  MONTH TO DATE    2                         3     -1        5
  SINCE MAR 1     89                       214   -125      231
  SINCE JUL 1   1337                      1347    -10     1308

 COOLING
  TODAY            2                         7     -5        4
  MONTH TO DATE    4                        25    -21       15
  SINCE MAR 1    327                       192    135      184
  SINCE JAN 1    340                       221    119      214
..................................................................


WIND (MPH)
  HIGHEST WIND SPEED    20   HIGHEST WIND DIRECTION     E (80)
  HIGHEST GUST SPEED    25   HIGHEST GUST DIRECTION     E (70)
  AVERAGE WIND SPEED     6.7


SKY COVER
  POSSIBLE SUNSHINE  MM
  AVERAGE SKY COVER 0.4


WEATHER CONDITIONS
 THE FOLLOWING WEATHER WAS RECORDED TODAY.
  NO SIGNIFICANT WEATHER WAS OBSERVED.


RELATIVE HUMIDITY (PERCENT)
 HIGHEST    97           700 AM
 LOWEST     45           100 PM
 AVERAGE    71

..........................................................


THE JACKSONVILLE CLIMATE NORMALS FOR TOMORROW
                         NORMAL    RECORD    YEAR
 MAXIMUM TEMPERATURE (F)   83        94      1898
 MINIMUM TEMPERATURE (F)   59        46      1976
                                             1971


SUNRISE AND SUNSET
MAY  4 2015...........SUNRISE   641 AM EDT   SUNSET   807 PM EDT
MAY  5 2015...........SUNRISE   640 AM EDT   SUNSET   807 PM EDT


-  INDICATES NEGATIVE NUMBERS.
R  INDICATES RECORD WAS SET OR TIED.
MM INDICATES DATA IS MISSING.
T  INDICATES TRACE AMOUNT.




$$
