000
CDUS43 KSGF 060631
CLIJLN


CLIMATE REPORT
NATIONAL WEATHER SERVICE SPRINGFIELD MO
131 AM CDT WED MAY 6 2015


...................................

...THE JOPLIN MO CLIMATE SUMMARY FOR MAY 5 2015...

CLIMATE NORMAL PERIOD 1981 TO 2010
CLIMATE RECORD PERIOD 1902 TO 2015


WEATHER ITEM   OBSERVED TIME   RECORD YEAR NORMAL DEPARTURE LAST
                VALUE   (LST)  VALUE       VALUE  FROM      YEAR
                                                  NORMAL
..................................................................
TEMPERATURE (F)
 YESTERDAY
  MAXIMUM         81    301 PM  91    2014  75      6       91
  MINIMUM         61    529 AM  35    2013  53      8       68
  AVERAGE         71                        64      7       80

PRECIPITATION (IN)
  YESTERDAY        T             3.38 1960   0.20  -0.20     0.00
  MONTH TO DATE    T                         0.97  -0.97     0.00
  SINCE MAR 1      5.78                      8.86  -3.08     3.13
  SINCE JAN 1      7.30                     13.21  -5.91     3.98

DEGREE DAYS
 HEATING
  YESTERDAY        0                         3     -3        0
  MONTH TO DATE    6                        19    -13       31
  SINCE MAR 1    693                       768    -75      960
  SINCE JUL 1   4229                      4022    207     4809

 COOLING
  YESTERDAY        6                         3      3       15
  MONTH TO DATE   19                        11      8       28
  SINCE MAR 1     54                        64    -10       51
  SINCE JAN 1     54                        65    -11       51
..................................................................


WIND (MPH)
  HIGHEST WIND SPEED    25   HIGHEST WIND DIRECTION    SE (130)
  HIGHEST GUST SPEED    37   HIGHEST GUST DIRECTION    SE (130)
  AVERAGE WIND SPEED    10.2


SKY COVER
  AVERAGE SKY COVER 0.3


WEATHER CONDITIONS
 THE FOLLOWING WEATHER WAS RECORDED YESTERDAY.
  LIGHT RAIN


RELATIVE HUMIDITY (PERCENT)
 HIGHEST    78           600 AM
 LOWEST     51           200 PM
 AVERAGE    65

..........................................................


THE JOPLIN MO CLIMATE NORMALS FOR TODAY
                         NORMAL    RECORD    YEAR
 MAXIMUM TEMPERATURE (F)   75        90      2007
                                             1956
                                             1952
 MINIMUM TEMPERATURE (F)   53        33      1992


SUNRISE AND SUNSET
MAY  6 2015...........SUNRISE   618 AM CDT   SUNSET   812 PM CDT
MAY  7 2015...........SUNRISE   617 AM CDT   SUNSET   812 PM CDT


-  INDICATES NEGATIVE NUMBERS.
R  INDICATES RECORD WAS SET OR TIED.
MM INDICATES DATA IS MISSING.
T  INDICATES TRACE AMOUNT.




$$
