000
CDUS43 KBIS 190027
CLIJMS


CLIMATE REPORT
NATIONAL WEATHER SERVICE BISMARCK ND
727 PM CDT SAT APR 18 2015


...................................

...THE JAMESTOWN ND CLIMATE SUMMARY FOR APRIL 18 2015...
VALID TODAY AS OF 0700 PM LOCAL TIME.

CLIMATE NORMAL PERIOD 1981 TO 2010
CLIMATE RECORD PERIOD 1891 TO 2015


WEATHER ITEM   OBSERVED TIME   RECORD YEAR NORMAL DEPARTURE LAST
                VALUE   (LST)  VALUE       VALUE  FROM      YEAR
                                                  NORMAL
..................................................................
TEMPERATURE (F)
 TODAY
  MAXIMUM         71    301 PM  90    1987  57     14       54
  MINIMUM         31    401 AM  10    1910  31      0       30
  AVERAGE         51                        44      7       42

PRECIPITATION (IN)
  TODAY            0.00          1.11 1986   0.04  -0.04     0.00
  MONTH TO DATE    0.03                      0.60  -0.57     0.11
  SINCE MAR 1      0.64                      1.44  -0.80     0.27
  SINCE JAN 1      1.06                      2.29  -1.23     0.66

DEGREE DAYS
 HEATING
  TODAY           14                        21     -7       23
  MONTH TO DATE  373                       459    -86      544
  SINCE MAR 1   1365                      1620   -255     1815
  SINCE JUL 1   8102                      8379   -277     9083

 COOLING
  TODAY            0                         0      0        0
  MONTH TO DATE    0                         0      0        0
  SINCE MAR 1      0                         0      0        0
  SINCE JAN 1      0                         0      0        0
..................................................................


WIND (MPH)
  RESULTANT WIND SPEED   6   RESULTANT WIND DIRECTION  SE (120)
  HIGHEST WIND SPEED    18   HIGHEST WIND DIRECTION    SW (210)
  HIGHEST GUST SPEED    29   HIGHEST GUST DIRECTION    SW (230)
  AVERAGE WIND SPEED     9.8


SKY COVER
  POSSIBLE SUNSHINE  MM
  AVERAGE SKY COVER 0.4


WEATHER CONDITIONS
 THE FOLLOWING WEATHER WAS RECORDED TODAY.
  NO SIGNIFICANT WEATHER WAS OBSERVED.


RELATIVE HUMIDITY (PERCENT)
 HIGHEST    75           600 AM
 LOWEST     16           300 PM
 AVERAGE    46

..........................................................


THE JAMESTOWN ND CLIMATE NORMALS FOR TOMORROW
                         NORMAL    RECORD    YEAR
 MAXIMUM TEMPERATURE (F)   57        82      1987
 MINIMUM TEMPERATURE (F)   32        12      1922


SUNRISE AND SUNSET
APRIL 18 2015.........SUNRISE   642 AM CDT   SUNSET   827 PM CDT
APRIL 19 2015.........SUNRISE   640 AM CDT   SUNSET   828 PM CDT


-  INDICATES NEGATIVE NUMBERS.
R  INDICATES RECORD WAS SET OR TIED.
MM INDICATES DATA IS MISSING.
T  INDICATES TRACE AMOUNT.




$$
