000
CDUS43 KGRR 060519
CLIJXN


CLIMATE REPORT
NATIONAL WEATHER SERVICE GRAND RAPIDS, MI
115 AM EDT WED MAY 6 2015


...................................

...THE JACKSON MI CLIMATE SUMMARY FOR MAY 5 2015...

CLIMATE NORMAL PERIOD 1981 TO 2010
CLIMATE RECORD PERIOD 1944 TO 9999


WEATHER ITEM   OBSERVED TIME   NORMAL DEPARTURE LAST
                VALUE   (LST)  VALUE  FROM      YEAR
                                      NORMAL
......................................................
TEMPERATURE (F)
 YESTERDAY
  MAXIMUM         59    142 AM  66     -7       54
  MINIMUM         48   1027 AM  43      5       36
  AVERAGE         54            54      0       45

PRECIPITATION (IN)
  YESTERDAY        1.79          0.10   1.69     0.00
  MONTH TO DATE    1.94          0.51   1.43     0.42
  SINCE MAR 1      5.01          5.02  -0.01     4.35
  SINCE JAN 1      7.09          7.80  -0.71     8.63

DEGREE DAYS
 HEATING
  YESTERDAY       11            11      0       20
  MONTH TO DATE   25            58    -33       87
  SINCE MAR 1   1529          1490     39     1788
  SINCE JUL 1   7033          6404    629     7352

 COOLING
  YESTERDAY        0             0      0        0
  MONTH TO DATE    1             0      1        0
  SINCE MAR 1      1             6     -5        0
  SINCE JAN 1      1             6     -5        0
......................................................


WIND (MPH)
  RESULTANT WIND SPEED   6   RESULTANT WIND DIRECTION   E (70)
  HIGHEST WIND SPEED    13   HIGHEST WIND DIRECTION    NE (60)
  HIGHEST GUST SPEED    18   HIGHEST GUST DIRECTION     E (110)
  AVERAGE WIND SPEED     7.2


SKY COVER
  AVERAGE SKY COVER 0.8


WEATHER CONDITIONS
 THE FOLLOWING WEATHER WAS RECORDED YESTERDAY.
  HEAVY RAIN
  RAIN
  LIGHT RAIN
  FOG


RELATIVE HUMIDITY (PERCENT)
 HIGHEST    93           500 PM
 LOWEST     47           700 AM
 AVERAGE    70

..........................................................


THE JACKSON MI CLIMATE NORMALS FOR TODAY
                         NORMAL
 MAXIMUM TEMPERATURE (F)   66
 MINIMUM TEMPERATURE (F)   43


SUNRISE AND SUNSET
MAY  6 2015...........SUNRISE   627 AM EDT   SUNSET   842 PM EDT
MAY  7 2015...........SUNRISE   626 AM EDT   SUNSET   844 PM EDT


-  INDICATES NEGATIVE NUMBERS.
R  INDICATES RECORD WAS SET OR TIED.
MM INDICATES DATA IS MISSING.
T  INDICATES TRACE AMOUNT.




$$
