000
CDUS43 KLBF 062244
CLILBF

CLIMATE REPORT
NATIONAL WEATHER SERVICE NORTH PLATTE
544 PM CDT WED MAY 6 2015


...................................

...THE NORTH PLATTE NE CLIMATE SUMMARY FOR MAY 6 2015...
VALID TODAY AS OF 0500 PM LOCAL TIME.

CLIMATE NORMAL PERIOD 1981 TO 2010
CLIMATE RECORD PERIOD 1874 TO 2015


WEATHER ITEM   OBSERVED TIME   RECORD YEAR NORMAL DEPARTURE LAST
                VALUE   (LST)  VALUE       VALUE  FROM      YEAR
                                                  NORMAL
..................................................................
TEMPERATURE (F)
 TODAY
  MAXIMUM         67    310 PM  94    1934  69     -2       74
                                      1916
  MINIMUM         55   1202 AM  23    1989  41     14       41
  AVERAGE         61                        55      6       58

PRECIPITATION (IN)
  TODAY            0.26          1.50 1903   0.09   0.17     0.00
  MONTH TO DATE    0.85                      0.55   0.30      T
  SINCE MAR 1      3.87                      3.87   0.00     1.43
  SINCE JAN 1      4.61                      4.71  -0.10     2.48

SNOWFALL (IN)
  TODAY            0.0           T    1978   0.0    0.0      0.0
                                      1938
  MONTH TO DATE    0.0                       0.0    0.0      0.0
  SINCE MAR 1      2.4                       7.6   -5.2      7.4
  SINCE JUL 1     21.3                      28.5   -7.2     29.8
  SNOW DEPTH       0

DEGREE DAYS
 HEATING
  TODAY            4                        11     -7        7
  MONTH TO DATE   28                        69    -41       75
  SINCE MAR 1   1123                      1431   -308     1451
  SINCE JUL 1   6012                      6459   -447     6642

 COOLING
  TODAY            0                         0      0        0
  MONTH TO DATE    0                         0      0        0
  SINCE MAR 1      2                         3     -1        2
  SINCE JAN 1      2                         3     -1        2
..................................................................


WIND (MPH)
  HIGHEST WIND SPEED    23   HIGHEST WIND DIRECTION     S (160)
  HIGHEST GUST SPEED    29   HIGHEST GUST DIRECTION     S (170)
  AVERAGE WIND SPEED    11.2


SKY COVER
  POSSIBLE SUNSHINE  MM
  AVERAGE SKY COVER 1.0


WEATHER CONDITIONS
 THE FOLLOWING WEATHER WAS RECORDED TODAY.
  THUNDERSTORM
  RAIN
  LIGHT RAIN
  FOG


RELATIVE HUMIDITY (PERCENT)
 HIGHEST    93          1200 AM
 LOWEST     67           200 PM
 AVERAGE    80

..........................................................


THE NORTH PLATTE NE CLIMATE NORMALS FOR TOMORROW
                         NORMAL    RECORD    YEAR
 MAXIMUM TEMPERATURE (F)   69        95      1966
 MINIMUM TEMPERATURE (F)   41        24      1976
                                             1972


SUNRISE AND SUNSET
MAY  6 2015...........SUNRISE   635 AM CDT   SUNSET   845 PM CDT
MAY  7 2015...........SUNRISE   633 AM CDT   SUNSET   846 PM CDT


-  INDICATES NEGATIVE NUMBERS.
R  INDICATES RECORD WAS SET OR TIED.
MM INDICATES DATA IS MISSING.
T  INDICATES TRACE AMOUNT.




$$
