000
CDUS42 KILM 050850
CLILBT


CLIMATE REPORT
NATIONAL WEATHER SERVICE WILMINGTON NC
450 AM EDT TUE MAY 5 2015


...................................

...THE LUMBERTON NC CLIMATE SUMMARY FOR MAY 4 2015...

CLIMATE NORMAL PERIOD 1981 TO 2010
CLIMATE RECORD PERIOD 9999 TO 9999


WEATHER ITEM   OBSERVED TIME   NORMAL DEPARTURE LAST
                VALUE   (LST)  VALUE  FROM      YEAR
                                      NORMAL
......................................................
TEMPERATURE (F)
 YESTERDAY
  MAXIMUM         84    238 PM  79      5       84
  MINIMUM         49    548 AM  54     -5       47
  AVERAGE         67            66      1       66

PRECIPITATION (IN)
  YESTERDAY        0.00          0.07  -0.07     0.00
  MONTH TO DATE    0.02          0.26  -0.24     0.01
  SINCE MAR 1      6.09          6.41  -0.32     7.60
  SINCE JAN 1     15.55         12.28   3.27    13.67

DEGREE DAYS
 HEATING
  YESTERDAY        0             2     -2        0
  MONTH TO DATE   12            10      2        4
  SINCE MAR 1    414           509    -95      636
  SINCE JUL 1   2778          2739     39     2932

 COOLING
  YESTERDAY        2             4     -2        1
  MONTH TO DATE    2            13    -11        6
  SINCE MAR 1     96            78     18       56
  SINCE JAN 1     96            81     15       57
......................................................


WIND (MPH)
  HIGHEST WIND SPEED    13   HIGHEST WIND DIRECTION     S (160)
  HIGHEST GUST SPEED    20   HIGHEST GUST DIRECTION     S (160)
  AVERAGE WIND SPEED     3.8


SKY COVER
  POSSIBLE SUNSHINE  MM
  AVERAGE SKY COVER 0.3


WEATHER CONDITIONS
 THE FOLLOWING WEATHER WAS RECORDED YESTERDAY.
  FOG


RELATIVE HUMIDITY (PERCENT)
 HIGHEST   100           500 AM
 LOWEST     33           100 PM
 AVERAGE    67

..........................................................


THE LUMBERTON NC CLIMATE NORMALS FOR TODAY
                         NORMAL
 MAXIMUM TEMPERATURE (F)   80
 MINIMUM TEMPERATURE (F)   54


SUNRISE AND SUNSET
MAY  5 2015...........SUNRISE   622 AM EDT   SUNSET   804 PM EDT
MAY  6 2015...........SUNRISE   621 AM EDT   SUNSET   805 PM EDT


-  INDICATES NEGATIVE NUMBERS.
R  INDICATES RECORD WAS SET OR TIED.
MM INDICATES DATA IS MISSING.
T  INDICATES TRACE AMOUNT.




$$
